CRAN Package Check Results for Package lsbs

Last updated on 2024-06-24 06:49:14 CEST.

Flavor Version Tinstall Tcheck Ttotal Status Flags
r-devel-linux-x86_64-debian-clang 0.1 2.61 33.24 35.85 NOTE
r-devel-linux-x86_64-debian-gcc 0.1 1.58 26.31 27.89 NOTE
r-devel-linux-x86_64-fedora-clang 0.1 46.68 NOTE
r-devel-linux-x86_64-fedora-gcc 0.1 45.32 NOTE
r-devel-windows-x86_64 0.1 3.00 57.00 60.00 NOTE
r-patched-linux-x86_64 0.1 2.15 34.84 36.99 NOTE
r-release-linux-x86_64 0.1 2.42 33.86 36.28 NOTE
r-release-macos-arm64 0.1 20.00 NOTE
r-release-macos-x86_64 0.1 27.00 NOTE
r-release-windows-x86_64 0.1 3.00 54.00 57.00 NOTE
r-oldrel-macos-arm64 0.1 22.00 NOTE
r-oldrel-macos-x86_64 0.1 28.00 NOTE
r-oldrel-windows-x86_64 0.1 4.00 54.00 58.00 NOTE

Check Details

Version: 0.1
Check: LazyData
Result: NOTE 'LazyData' is specified without a 'data' directory Flavors: r-devel-linux-x86_64-debian-clang, r-devel-linux-x86_64-debian-gcc, r-devel-linux-x86_64-fedora-clang, r-devel-linux-x86_64-fedora-gcc, r-devel-windows-x86_64, r-patched-linux-x86_64, r-release-linux-x86_64, r-release-macos-arm64, r-release-macos-x86_64, r-release-windows-x86_64, r-oldrel-macos-arm64, r-oldrel-macos-x86_64, r-oldrel-windows-x86_64

Version: 0.1
Check: dependencies in R code
Result: NOTE Namespace in Imports field not imported from: ‘Matrix’ All declared Imports should be used. Flavors: r-devel-linux-x86_64-fedora-clang, r-devel-linux-x86_64-fedora-gcc