CRAN Package Check Results for Package lsirm12pl

Last updated on 2022-08-15 05:49:25 CEST.

Flavor Version Tinstall Tcheck Ttotal Status Flags
r-devel-linux-x86_64-debian-clang 1.0.1 759.89 287.37 1047.26 OK
r-devel-linux-x86_64-debian-gcc 1.0.1 651.10 206.73 857.83 OK
r-devel-linux-x86_64-fedora-clang 1.0.1 1550.82 NOTE
r-devel-linux-x86_64-fedora-gcc 1.0.1 1474.63 OK
r-devel-windows-x86_64 1.0.1 600.00 345.00 945.00 OK
r-patched-linux-x86_64 1.0.1 695.97 274.49 970.46 OK
r-release-linux-x86_64 1.0.1 707.76 274.97 982.73 OK
r-release-macos-arm64 1.0.1 318.00 NOTE
r-release-macos-x86_64 1.0.1 417.00 NOTE
r-release-windows-x86_64 1.0.1 582.00 349.00 931.00 OK
r-oldrel-macos-arm64 1.0.1 221.00 NOTE
r-oldrel-macos-x86_64 1.0.1 382.00 NOTE
r-oldrel-windows-ix86+x86_64 1.0.1 1926.00 659.00 2585.00 NOTE

Check Details

Version: 1.0.1
Check: installed package size
Result: NOTE
     installed size is 16.6Mb
     sub-directories of 1Mb or more:
     libs 16.0Mb
Flavors: r-devel-linux-x86_64-fedora-clang, r-release-macos-arm64, r-release-macos-x86_64, r-oldrel-macos-arm64, r-oldrel-macos-x86_64, r-oldrel-windows-ix86+x86_64