CRAN Package Check Results for Package lspline

Last updated on 2019-08-22 05:47:03 CEST.

Flavor Version Tinstall Tcheck Ttotal Status Flags
r-devel-linux-x86_64-debian-clang 1.0-0 1.70 23.83 25.53 OK
r-devel-linux-x86_64-debian-gcc 1.0-0 1.43 19.35 20.78 OK
r-devel-linux-x86_64-fedora-clang 1.0-0 34.81 OK
r-devel-linux-x86_64-fedora-gcc 1.0-0 30.78 OK
r-devel-windows-ix86+x86_64 1.0-0 10.00 46.00 56.00 OK
r-patched-linux-x86_64 1.0-0 1.23 23.50 24.73 OK
r-patched-solaris-x86 1.0-0 44.60 WARN
r-release-linux-x86_64 1.0-0 1.48 23.20 24.68 OK
r-release-windows-ix86+x86_64 1.0-0 4.00 49.00 53.00 OK
r-release-osx-x86_64 1.0-0 WARN
r-oldrel-windows-ix86+x86_64 1.0-0 5.00 50.00 55.00 OK
r-oldrel-osx-x86_64 1.0-0 WARN

Check Details

Version: 1.0-0
Check: re-building of vignette outputs
Result: WARN
    Error(s) in re-building vignettes:
     ...
    --- re-building ‘lspline.Rmd’ using rmarkdown
    Warning in engine$weave(file, quiet = quiet, encoding = enc) :
     Pandoc (>= 1.12.3) and/or pandoc-citeproc not available. Falling back to R Markdown v1.
    Quitting from lines 18-23 (lspline.Rmd)
    Error: processing vignette 'lspline.Rmd' failed with diagnostics:
    object 'params' not found
    --- failed re-building ‘lspline.Rmd’
    
    SUMMARY: processing the following file failed:
     ‘lspline.Rmd’
    
    Error: Vignette re-building failed.
    Execution halted
Flavors: r-patched-solaris-x86, r-release-osx-x86_64

Version: 1.0-0
Check: re-building of vignette outputs
Result: WARN
    Error in re-building vignettes:
     ...
    Warning in engine$weave(file, quiet = quiet, encoding = enc) :
     Pandoc (>= 1.12.3) and/or pandoc-citeproc not available. Falling back to R Markdown v1.
    Quitting from lines 18-23 (lspline.Rmd)
    Error: processing vignette 'lspline.Rmd' failed with diagnostics:
    object 'params' not found
    Execution halted
Flavor: r-oldrel-osx-x86_64