CRAN Package Check Results for Package lvmcomp

Last updated on 2019-12-07 05:47:37 CET.

Flavor Version Tinstall Tcheck Ttotal Status Flags
r-devel-linux-x86_64-debian-clang 1.2 74.06 33.31 107.37 OK
r-devel-linux-x86_64-debian-gcc 1.2 59.49 26.21 85.70 OK
r-devel-linux-x86_64-fedora-clang 1.2 152.88 OK
r-devel-linux-x86_64-fedora-gcc 1.2 147.03 OK
r-devel-windows-ix86+x86_64 1.2 155.00 0.00 155.00 FAIL
r-devel-windows-ix86+x86_64-gcc8 1.2 150.00 0.00 150.00 FAIL
r-patched-linux-x86_64 1.2 63.27 31.63 94.90 OK
r-patched-solaris-x86 1.2 1979.00 ERROR
r-release-linux-x86_64 1.2 62.95 31.21 94.16 OK
r-release-windows-ix86+x86_64 1.2 194.00 0.00 194.00 FAIL
r-release-osx-x86_64 1.2 OK
r-oldrel-windows-ix86+x86_64 1.2 130.00 0.00 130.00 FAIL
r-oldrel-osx-x86_64 1.2 OK

Check Details

Version: 1.2
Check: running examples for arch ‘i386’
Result: FAIL
    Check process probably crashed or hung up for 20 minutes ... killed
    Most likely this happened in the example checks (?),
    if not, ignore the following last lines of example output:
    
    ======== End of example output (where/before crash/hang up occured ?) ========
Flavors: r-devel-windows-ix86+x86_64, r-devel-windows-ix86+x86_64-gcc8, r-release-windows-ix86+x86_64, r-oldrel-windows-ix86+x86_64

Version: 1.2
Check: examples
Result: ERROR
    Running examples in ‘lvmcomp-Ex.R’ failed
    The error most likely occurred in:
    
    > ### Name: StEM_mirt
    > ### Title: Stochastic EM algorithm for solving multivariate item response
    > ### theory model
    > ### Aliases: StEM_mirt
    >
    > ### ** Examples
    >
    > # run a toy example based on the M2PL model
    >
    > # load a simulated dataset
    > attach(data_sim_mirt)
    >
    > # generate starting values for the algorithm
    > A0 <- Q
    > d0 <- rep(0, J)
    > theta0 <- matrix(rnorm(N*K, 0, 1),N)
    > sigma0 <- diag(1, K)
    >
    > # do the confirmatory MIRT analysis
    > # to enable multicore processing, set parallel = T
    > mirt_res <- StEM_mirt(response, Q, A0, d0, theta0, sigma0)
    
    Step 1 |
    Step 2 |
    Step 3 |
    Step 4 |
    Step 5 |
    Step 6 |
    Step 7 |
    Step 8 |
    Step 9 |
    Step 10 |
    Step 11 |
    Step 12 |
    Step 13 |
    Step 14 |
    Step 15 |
Flavor: r-patched-solaris-x86