CRAN Package Check Results for Package lvplot

Last updated on 2019-11-20 05:47:11 CET.

Flavor Version Tinstall Tcheck Ttotal Status Flags
r-devel-linux-x86_64-debian-clang 0.2.0 48.01 56.53 104.54 OK
r-devel-linux-x86_64-debian-gcc 0.2.0 45.48 43.37 88.85 OK
r-devel-linux-x86_64-fedora-clang 0.2.0 136.01 OK
r-devel-linux-x86_64-fedora-gcc 0.2.0 142.77 OK
r-devel-windows-ix86+x86_64 0.2.0 87.00 89.00 176.00 OK
r-devel-windows-ix86+x86_64-gcc8 0.2.0 66.00 64.00 130.00 OK
r-patched-linux-x86_64 0.2.0 50.25 53.96 104.21 OK
r-patched-solaris-x86 0.2.0 250.50 OK
r-release-linux-x86_64 0.2.0 47.40 53.22 100.62 OK
r-release-windows-ix86+x86_64 0.2.0 83.00 88.00 171.00 OK
r-release-osx-x86_64 0.2.0 FAIL
r-oldrel-windows-ix86+x86_64 0.2.0 64.00 89.00 153.00 OK
r-oldrel-osx-x86_64 0.2.0 OK

Check Details

Version: 0.2.0
Check: dependencies in R code
Result: FAIL
    
Flavor: r-release-osx-x86_64