CRAN Package Check Results for Package lvplot

Last updated on 2020-07-06 04:47:42 CEST.

Flavor Version Tinstall Tcheck Ttotal Status Flags
r-devel-linux-x86_64-debian-clang 0.2.0 47.47 48.00 95.47 OK
r-devel-linux-x86_64-debian-gcc 0.2.0 44.77 37.65 82.42 OK
r-devel-linux-x86_64-fedora-clang 0.2.0 138.62 OK
r-devel-linux-x86_64-fedora-gcc 0.2.0 128.50 OK
r-devel-windows-ix86+x86_64 0.2.0 79.00 64.00 143.00 OK
r-patched-linux-x86_64 0.2.0 49.00 46.87 95.87 OK
r-patched-solaris-x86 0.2.0 272.50 OK
r-release-linux-x86_64 0.2.0 50.96 46.68 97.64 OK
r-release-osx-x86_64 0.2.0 OK
r-release-windows-ix86+x86_64 0.2.0 61.00 64.00 125.00 OK
r-oldrel-osx-x86_64 0.2.0 FAIL
r-oldrel-windows-ix86+x86_64 0.2.0 82.00 82.00 164.00 OK

Check Details

Version: 0.2.0
Check: dependencies in R code
Result: FAIL
Flavor: r-oldrel-osx-x86_64