CRAN Package Check Results for Package m2b

Last updated on 2020-02-27 05:48:51 CET.

Flavor Version Tinstall Tcheck Ttotal Status Flags
r-devel-linux-x86_64-debian-clang 1.0 6.29 79.20 85.49 OK
r-devel-linux-x86_64-debian-gcc 1.0 4.58 61.14 65.72 OK
r-devel-linux-x86_64-fedora-clang 1.0 101.15 NOTE
r-devel-linux-x86_64-fedora-gcc 1.0 97.71 NOTE
r-devel-windows-ix86+x86_64 1.0 14.00 91.00 105.00 OK
r-devel-windows-ix86+x86_64-gcc8 1.0 15.00 92.00 107.00 OK
r-patched-linux-x86_64 1.0 4.19 71.14 75.33 OK
r-patched-solaris-x86 1.0 136.80 NOTE
r-release-linux-x86_64 1.0 4.31 70.75 75.06 OK
r-release-windows-ix86+x86_64 1.0 10.00 84.00 94.00 OK
r-release-osx-x86_64 1.0 NOTE
r-oldrel-windows-ix86+x86_64 1.0 8.00 84.00 92.00 OK
r-oldrel-osx-x86_64 1.0 NOTE

Check Details

Version: 1.0
Check: dependencies in R code
Result: NOTE
    Namespaces in Imports field not imported from:
     ‘e1071’ ‘utils’
     All declared Imports should be used.
Flavors: r-devel-linux-x86_64-fedora-clang, r-devel-linux-x86_64-fedora-gcc, r-patched-solaris-x86, r-release-osx-x86_64, r-oldrel-osx-x86_64