CRAN Package Check Results for Package macc

Last updated on 2022-01-18 05:50:18 CET.

Flavor Version Tinstall Tcheck Ttotal Status Flags
r-devel-linux-x86_64-debian-clang 1.0.1 11.77 100.67 112.44 OK
r-devel-linux-x86_64-debian-gcc 1.0.1 9.73 78.32 88.05 OK
r-devel-linux-x86_64-fedora-clang 1.0.1 141.17 OK
r-devel-linux-x86_64-fedora-gcc 1.0.1 128.50 OK
r-devel-windows-x86_64-new-UL 1.0.1 25.00 115.00 140.00 OK
r-devel-windows-x86_64-new-TK 1.0.1 ERROR
r-patched-linux-x86_64 1.0.1 13.25 98.51 111.76 OK
r-release-linux-x86_64 1.0.1 OK
r-release-macos-arm64 1.0.1 OK
r-release-macos-x86_64 1.0.1 OK
r-release-windows-ix86+x86_64 1.0.1 27.00 117.00 144.00 OK
r-oldrel-macos-x86_64 1.0.1 OK
r-oldrel-windows-ix86+x86_64 1.0.1 28.00 116.00 144.00 OK

Check Details

Version: 1.0.1
Check: package dependencies
Result: ERROR
    Packages required but not available: 'lme4', 'car'
    
    See section 'The DESCRIPTION file' in the 'Writing R Extensions'
    manual.
Flavor: r-devel-windows-x86_64-new-TK