CRAN Package Check Results for Package madrat

Last updated on 2021-12-01 05:59:30 CET.

Flavor Version Tinstall Tcheck Ttotal Status Flags
r-devel-linux-x86_64-debian-clang 2.3.2 14.64 145.56 160.20 OK
r-devel-linux-x86_64-debian-gcc 2.3.2 12.04 117.03 129.07 OK
r-devel-linux-x86_64-fedora-clang 2.3.2 191.93 OK
r-devel-linux-x86_64-fedora-gcc 2.3.2 187.33 OK
r-devel-windows-x86_64-new-UL 2.3.2 28.00 261.00 289.00 ERROR
r-devel-windows-x86_64-new-TK 2.3.2 OK
r-devel-windows-x86_64-old 2.3.2 20.00 160.00 180.00 ERROR
r-patched-linux-x86_64 2.3.2 11.95 115.91 127.86 OK
r-patched-solaris-x86 2.3.2 213.20 OK
r-release-linux-x86_64 2.3.2 11.35 116.89 128.24 OK
r-release-macos-arm64 2.3.2 OK
r-release-macos-x86_64 2.3.2 OK
r-release-windows-ix86+x86_64 2.3.2 26.00 108.00 134.00 ERROR
r-oldrel-macos-x86_64 2.3.2 OK
r-oldrel-windows-ix86+x86_64 2.3.2 19.00 118.00 137.00 ERROR

Check Details

Version: 2.3.2
Check: tests
Result: ERROR
     Running 'testthat.R' [25s]
    Running the tests in 'tests/testthat.R' failed.
    Complete output:
     > library(testthat)
     > library(madrat)
     Loading required package: magclass
     >
     > test_check("madrat")
     ══ Skipped tests ═══════════════════════════════════════════════════════════════
     • On CRAN (5)
     • reshape2 cannot be loaded (1)
    
     ══ Failed tests ════════════════════════════════════════════════════════════════
     ── Failure (test-config.R:3:3): cache folder can be set properly ───────────────
     getwd() not identical to getConfig("cachefolder").
     1/1 mismatches
     x[1]: "d:/Rcompile/CRANpkg/local/4.2/madrat.Rcheck/tests/testthat"
     y[1]: "D:/RCompile/CRANpkg/local/4.2/madrat.Rcheck/tests/testthat"
    
     [ FAIL 1 | WARN 0 | SKIP 6 | PASS 390 ]
     Error: Test failures
     Execution halted
Flavor: r-devel-windows-x86_64-new-UL

Version: 2.3.2
Check: tests
Result: ERROR
     Running 'testthat.R' [14s]
    Running the tests in 'tests/testthat.R' failed.
    Complete output:
     > library(testthat)
     > library(madrat)
     Loading required package: magclass
     >
     > test_check("madrat")
     == Skipped tests ===============================================================
     * On CRAN (5)
     * reshape2 cannot be loaded (1)
    
     == Failed tests ================================================================
     -- Failure (test-config.R:3:3): cache folder can be set properly ---------------
     getwd() not identical to getConfig("cachefolder").
     1/1 mismatches
     x[1]: "d:/Rcompile/CRANpkg/local/4.2/madrat.Rcheck/tests/testthat"
     y[1]: "d:/RCompile/CRANpkg/local/4.2/madrat.Rcheck/tests/testthat"
    
     [ FAIL 1 | WARN 0 | SKIP 6 | PASS 390 ]
     Error: Test failures
     Execution halted
Flavor: r-devel-windows-x86_64-old

Version: 2.3.2
Check: tests
Result: ERROR
     Running 'testthat.R' [13s]
    Running the tests in 'tests/testthat.R' failed.
    Complete output:
     > library(testthat)
     > library(madrat)
     Loading required package: magclass
     >
     > test_check("madrat")
     == Skipped tests ===============================================================
     * On CRAN (5)
     * reshape2 cannot be loaded (1)
    
     == Failed tests ================================================================
     -- Failure (test-config.R:3:3): cache folder can be set properly ---------------
     getwd() not identical to getConfig("cachefolder").
     1/1 mismatches
     x[1]: "d:/Rcompile/CRANpkg/local/4.1/madrat.Rcheck/tests/testthat"
     y[1]: "d:/RCompile/CRANpkg/local/4.1/madrat.Rcheck/tests/testthat"
    
     [ FAIL 1 | WARN 0 | SKIP 6 | PASS 390 ]
     Error: Test failures
     Execution halted
Flavor: r-release-windows-ix86+x86_64

Version: 2.3.2
Check: tests
Result: ERROR
     Running 'testthat.R' [14s]
    Running the tests in 'tests/testthat.R' failed.
    Complete output:
     > library(testthat)
     > library(madrat)
     Loading required package: magclass
     >
     > test_check("madrat")
     == Skipped tests ===============================================================
     * On CRAN (5)
     * reshape2 cannot be loaded (1)
    
     == Failed tests ================================================================
     -- Failure (test-config.R:3:3): cache folder can be set properly ---------------
     getwd() not identical to getConfig("cachefolder").
     1/1 mismatches
     x[1]: "d:/Rcompile/CRANpkg/local/4.0/madrat.Rcheck/tests/testthat"
     y[1]: "d:/RCompile/CRANpkg/local/4.0/madrat.Rcheck/tests/testthat"
    
     [ FAIL 1 | WARN 0 | SKIP 6 | PASS 390 ]
     Error: Test failures
     Execution halted
Flavor: r-oldrel-windows-ix86+x86_64