Last updated on 2022-06-25 05:51:20 CEST.
Flavor | Version | Tinstall | Tcheck | Ttotal | Status | Flags |
---|---|---|---|---|---|---|
r-devel-linux-x86_64-debian-clang | 2.7.3 | 146.87 | 254.25 | 401.12 | OK | |
r-devel-linux-x86_64-debian-gcc | 2.7.3 | 113.24 | 210.38 | 323.62 | OK | |
r-devel-linux-x86_64-fedora-clang | 2.7.3 | 453.50 | NOTE | |||
r-devel-linux-x86_64-fedora-gcc | 2.7.3 | 451.54 | OK | |||
r-devel-windows-x86_64 | 2.7.3 | 223.00 | 396.00 | 619.00 | NOTE | |
r-patched-linux-x86_64 | 2.7.3 | 132.61 | 205.03 | 337.64 | OK | |
r-release-linux-x86_64 | 2.7.3 | 127.29 | 200.78 | 328.07 | OK | |
r-release-macos-arm64 | 2.7.3 | 110.00 | NOTE | |||
r-release-macos-x86_64 | 2.7.3 | 193.00 | NOTE | |||
r-release-windows-x86_64 | 2.7.3 | 201.00 | 403.00 | 604.00 | NOTE | |
r-oldrel-macos-arm64 | 2.7.3 | 132.00 | NOTE | |||
r-oldrel-macos-x86_64 | 2.7.3 | 174.00 | NOTE | |||
r-oldrel-windows-ix86+x86_64 | 2.7.3 | 393.00 | 454.00 | 847.00 | NOTE |
Version: 2.7.3
Check: installed package size
Result: NOTE
installed size is 11.7Mb
sub-directories of 1Mb or more:
doc 6.6Mb
libs 4.7Mb
Flavors: r-devel-linux-x86_64-fedora-clang, r-devel-windows-x86_64, r-release-macos-arm64, r-release-macos-x86_64, r-release-windows-x86_64, r-oldrel-macos-arm64, r-oldrel-macos-x86_64, r-oldrel-windows-ix86+x86_64
Version: 2.7.3
Check: package dependencies
Result: NOTE
Packages suggested but not available for checking: 'pdftools', 'tesseract'
Flavor: r-release-macos-x86_64
Version: 2.7.3
Check: Rd cross-references
Result: NOTE
Packages unavailable to check Rd xrefs: ‘pdftools’, ‘tesseract’
Flavor: r-release-macos-x86_64