CRAN Package Check Results for Package magick

Last updated on 2022-01-27 05:55:57 CET.

Flavor Version Tinstall Tcheck Ttotal Status Flags
r-devel-linux-x86_64-debian-clang 2.7.3 135.23 251.49 386.72 OK
r-devel-linux-x86_64-debian-gcc 2.7.3 98.14 187.86 286.00 OK
r-devel-linux-x86_64-fedora-clang 2.7.3 548.28 NOTE
r-devel-linux-x86_64-fedora-gcc 2.7.3 447.99 OK
r-devel-windows-x86_64-new-UL 2.7.3 283.00 409.00 692.00 NOTE
r-devel-windows-x86_64-new-TK 2.7.3 OK
r-patched-linux-x86_64 2.7.3 129.68 205.18 334.86 OK
r-release-linux-x86_64 2.7.3 119.39 204.21 323.60 OK
r-release-macos-arm64 2.7.3 NOTE
r-release-macos-x86_64 2.7.3 NOTE
r-release-windows-ix86+x86_64 2.7.3 379.00 422.00 801.00 NOTE
r-oldrel-macos-x86_64 2.7.3 NOTE
r-oldrel-windows-ix86+x86_64 2.7.3 378.00 436.00 814.00 NOTE

Additional issues

valgrind

Check Details

Version: 2.7.3
Check: installed package size
Result: NOTE
     installed size is 12.9Mb
     sub-directories of 1Mb or more:
     doc 6.6Mb
     libs 5.9Mb
Flavors: r-devel-linux-x86_64-fedora-clang, r-devel-windows-x86_64-new-UL, r-release-macos-arm64, r-release-macos-x86_64, r-release-windows-ix86+x86_64, r-oldrel-macos-x86_64, r-oldrel-windows-ix86+x86_64