CRAN Package Check Results for Package mailR

Last updated on 2019-12-15 05:47:43 CET.

Flavor Version Tinstall Tcheck Ttotal Status Flags
r-devel-linux-x86_64-debian-clang 0.4.1 4.45 34.87 39.32 OK
r-devel-linux-x86_64-debian-gcc 0.4.1 3.54 27.16 30.70 OK
r-devel-linux-x86_64-fedora-clang 0.4.1 50.90 OK
r-devel-linux-x86_64-fedora-gcc 0.4.1 47.80 OK
r-devel-windows-ix86+x86_64 0.4.1 5.00 7.00 12.00 ERROR
r-devel-windows-ix86+x86_64-gcc8 0.4.1 6.00 7.00 13.00 ERROR
r-patched-linux-x86_64 0.4.1 3.45 31.74 35.19 OK
r-patched-solaris-x86 0.4.1 71.70 OK
r-release-linux-x86_64 0.4.1 2.84 31.98 34.82 OK
r-release-windows-ix86+x86_64 0.4.1 8.00 46.00 54.00 OK
r-release-osx-x86_64 0.4.1 OK
r-oldrel-windows-ix86+x86_64 0.4.1 3.00 41.00 44.00 OK
r-oldrel-osx-x86_64 0.4.1 OK

Check Details

Version: 0.4.1
Check: whether package can be installed
Result: ERROR
    Installation failed.
Flavors: r-devel-windows-ix86+x86_64, r-devel-windows-ix86+x86_64-gcc8