CRAN Package Check Results for Package majesticR

Last updated on 2019-09-20 05:46:58 CEST.

Flavor Version Tinstall Tcheck Ttotal Status Flags
r-devel-linux-x86_64-debian-clang 0.1.1 2.12 24.39 26.51 NOTE
r-devel-linux-x86_64-debian-gcc 0.1.1 2.12 20.22 22.34 NOTE
r-devel-linux-x86_64-fedora-clang 0.1.1 34.90 OK
r-devel-linux-x86_64-fedora-gcc 0.1.1 33.48 OK
r-devel-windows-ix86+x86_64 0.1.1 8.00 42.00 50.00 NOTE
r-patched-linux-x86_64 0.1.1 2.18 24.71 26.89 OK
r-patched-solaris-x86 0.1.1 55.40 OK
r-release-linux-x86_64 0.1.1 2.07 24.42 26.49 OK
r-release-windows-ix86+x86_64 0.1.1 6.00 65.00 71.00 OK
r-release-osx-x86_64 0.1.1 OK
r-oldrel-windows-ix86+x86_64 0.1.1 3.00 39.00 42.00 OK
r-oldrel-osx-x86_64 0.1.1 OK

Check Details

Version: 0.1.1
Check: package vignettes
Result: NOTE
    Package vignette with placeholder title 'Vignette Title':
     'introduction-to-package-majesticr--rmd.Rmd'
Flavors: r-devel-linux-x86_64-debian-clang, r-devel-linux-x86_64-debian-gcc, r-devel-windows-ix86+x86_64