CRAN Package Check Results for Package majesticR

Last updated on 2019-06-25 05:48:52 CEST.

Flavor Version Tinstall Tcheck Ttotal Status Flags
r-devel-linux-x86_64-debian-clang 0.1.1 2.36 25.28 27.64 NOTE
r-devel-linux-x86_64-debian-gcc 0.1.1 1.86 20.58 22.44 NOTE
r-devel-linux-x86_64-fedora-clang 0.1.1 33.70 OK
r-devel-linux-x86_64-fedora-gcc 0.1.1 33.64 OK
r-devel-windows-ix86+x86_64 0.1.1 7.00 41.00 48.00 OK
r-patched-linux-x86_64 0.1.1 2.03 25.10 27.13 OK
r-patched-solaris-x86 0.1.1 58.40 OK
r-release-linux-x86_64 0.1.1 2.15 25.26 27.41 OK
r-release-windows-ix86+x86_64 0.1.1 6.00 67.00 73.00 OK
r-release-osx-x86_64 0.1.1 OK
r-oldrel-windows-ix86+x86_64 0.1.1 3.00 42.00 45.00 OK
r-oldrel-osx-x86_64 0.1.1 OK

Check Details

Version: 0.1.1
Check: package vignettes
Result: NOTE
    Package vignette with placeholder title 'Vignette Title':
     'introduction-to-package-majesticr--rmd.Rmd'
Flavors: r-devel-linux-x86_64-debian-clang, r-devel-linux-x86_64-debian-gcc