CRAN Package Check Results for Package manifestoR

Last updated on 2022-01-19 05:48:30 CET.

Flavor Version Tinstall Tcheck Ttotal Status Flags
r-devel-linux-x86_64-debian-clang 1.5.0 8.48 80.04 88.52 NOTE
r-devel-linux-x86_64-debian-gcc 1.5.0 7.24 60.59 67.83 NOTE
r-devel-linux-x86_64-fedora-clang 1.5.0 109.76 NOTE
r-devel-linux-x86_64-fedora-gcc 1.5.0 95.73 NOTE
r-devel-windows-x86_64-new-UL 1.5.0 95.00 102.00 197.00 NOTE
r-devel-windows-x86_64-new-TK 1.5.0 NOTE
r-patched-linux-x86_64 1.5.0 12.67 75.47 88.14 NOTE
r-release-linux-x86_64 1.5.0 NOTE
r-release-macos-arm64 1.5.0 NOTE
r-release-macos-x86_64 1.5.0 NOTE
r-release-windows-ix86+x86_64 1.5.0 21.00 89.00 110.00 NOTE
r-oldrel-macos-x86_64 1.5.0 OK
r-oldrel-windows-ix86+x86_64 1.5.0 20.00 95.00 115.00 OK

Check Details

Version: 1.5.0
Check: LazyData
Result: NOTE
     'LazyData' is specified without a 'data' directory
Flavors: r-devel-linux-x86_64-debian-clang, r-devel-linux-x86_64-debian-gcc, r-devel-linux-x86_64-fedora-clang, r-devel-linux-x86_64-fedora-gcc, r-devel-windows-x86_64-new-UL, r-devel-windows-x86_64-new-TK, r-patched-linux-x86_64, r-release-linux-x86_64, r-release-macos-arm64, r-release-macos-x86_64, r-release-windows-ix86+x86_64