CRAN Package Check Results for Package manipulateWidget

Last updated on 2024-06-24 06:49:15 CEST.

Flavor Version Tinstall Tcheck Ttotal Status Flags
r-devel-linux-x86_64-debian-clang 0.11.1 7.83 73.22 81.05 NOTE
r-devel-linux-x86_64-debian-gcc 0.11.1 6.07 54.54 60.61 NOTE
r-devel-linux-x86_64-fedora-clang 0.11.1 101.30 NOTE
r-devel-linux-x86_64-fedora-gcc 0.11.1 119.34 NOTE
r-devel-windows-x86_64 0.11.1 10.00 85.00 95.00 NOTE
r-patched-linux-x86_64 0.11.1 7.91 70.82 78.73 NOTE
r-release-linux-x86_64 0.11.1 9.13 68.92 78.05 NOTE
r-release-macos-arm64 0.11.1 46.00 NOTE
r-release-macos-x86_64 0.11.1 69.00 NOTE
r-release-windows-x86_64 0.11.1 9.00 84.00 93.00 NOTE
r-oldrel-macos-arm64 0.11.1 45.00 OK
r-oldrel-macos-x86_64 0.11.1 71.00 OK
r-oldrel-windows-x86_64 0.11.1 11.00 93.00 104.00 OK

Check Details

Version: 0.11.1
Check: Rd files
Result: NOTE checkRd: (-1) manipulateWidget.Rd:113-117: Lost braces in \itemize; meant \describe ? checkRd: (-1) manipulateWidget.Rd:118-120: Lost braces in \itemize; meant \describe ? checkRd: (-1) manipulateWidget.Rd:121-123: Lost braces in \itemize; meant \describe ? checkRd: (-1) manipulateWidget.Rd:124-127: Lost braces in \itemize; meant \describe ? Flavors: r-devel-linux-x86_64-debian-clang, r-devel-linux-x86_64-debian-gcc, r-devel-linux-x86_64-fedora-clang, r-devel-linux-x86_64-fedora-gcc, r-devel-windows-x86_64, r-patched-linux-x86_64, r-release-linux-x86_64, r-release-macos-arm64, r-release-macos-x86_64, r-release-windows-x86_64

Version: 0.11.1
Check: data for non-ASCII characters
Result: NOTE Note: found 55 marked UTF-8 strings Flavors: r-devel-linux-x86_64-fedora-clang, r-devel-linux-x86_64-fedora-gcc