CRAN Package Check Results for Package mapdata

Last updated on 2022-01-28 05:49:01 CET.

Flavor Version Tinstall Tcheck Ttotal Status Flags
r-devel-linux-x86_64-debian-clang 2.3.0 17.04 32.55 49.59 OK
r-devel-linux-x86_64-debian-gcc 2.3.0 12.09 25.57 37.66 OK
r-devel-linux-x86_64-fedora-clang 2.3.0 59.90 NOTE
r-devel-linux-x86_64-fedora-gcc 2.3.0 48.57 OK
r-devel-windows-x86_64-new-UL 2.3.0 80.00 51.00 131.00 NOTE
r-devel-windows-x86_64-new-TK 2.3.0 OK
r-patched-linux-x86_64 2.3.0 15.77 31.01 46.78 OK
r-release-linux-x86_64 2.3.0 15.04 31.28 46.32 OK
r-release-macos-arm64 2.3.0 NOTE
r-release-macos-x86_64 2.3.0 NOTE
r-release-windows-ix86+x86_64 2.3.0 72.00 39.00 111.00 NOTE
r-oldrel-macos-x86_64 2.3.0 NOTE
r-oldrel-windows-ix86+x86_64 2.3.0 71.00 42.00 113.00 NOTE

Check Details

Version: 2.3.0
Check: installed package size
Result: NOTE
     installed size is 33.5Mb
     sub-directories of 1Mb or more:
     mapdata 33.4Mb
Flavors: r-devel-linux-x86_64-fedora-clang, r-devel-windows-x86_64-new-UL, r-release-macos-arm64, r-release-macos-x86_64, r-release-windows-ix86+x86_64, r-oldrel-macos-x86_64, r-oldrel-windows-ix86+x86_64