CRAN Package Check Results for Package mapfit

Last updated on 2024-06-20 06:57:16 CEST.

Flavor Version Tinstall Tcheck Ttotal Status Flags
r-devel-linux-x86_64-debian-clang 1.0.0 115.97 105.84 221.81 OK
r-devel-linux-x86_64-debian-gcc 1.0.0 84.25 80.97 165.22 OK
r-devel-linux-x86_64-fedora-clang 1.0.0 307.75 OK
r-devel-linux-x86_64-fedora-gcc 1.0.0 323.41 OK
r-devel-windows-x86_64 1.0.0 88.00 122.00 210.00 OK
r-patched-linux-x86_64 1.0.0 105.23 104.11 209.34 OK
r-release-linux-x86_64 1.0.0 101.19 101.18 202.37 OK
r-release-macos-arm64 1.0.0 68.00 NOTE
r-release-macos-x86_64 1.0.0 92.00 NOTE
r-release-windows-x86_64 1.0.0 88.00 126.00 214.00 OK
r-oldrel-macos-arm64 1.0.0 80.00 NOTE
r-oldrel-macos-x86_64 1.0.0 141.00 NOTE
r-oldrel-windows-x86_64 1.0.0 110.00 156.00 266.00 OK

Check Details

Version: 1.0.0
Check: installed package size
Result: NOTE installed size is 5.8Mb sub-directories of 1Mb or more: libs 5.1Mb Flavors: r-release-macos-arm64, r-release-macos-x86_64, r-oldrel-macos-arm64, r-oldrel-macos-x86_64