CRAN Package Check Results for Package mapsFinland

Last updated on 2022-01-18 05:50:18 CET.

Flavor Version Tinstall Tcheck Ttotal Status Flags
r-devel-linux-x86_64-debian-clang 0.1.1 3.27 29.60 32.87 OK
r-devel-linux-x86_64-debian-gcc 0.1.1 3.09 23.58 26.67 OK
r-devel-linux-x86_64-fedora-clang 0.1.1 41.21 NOTE
r-devel-linux-x86_64-fedora-gcc 0.1.1 31.01 NOTE
r-devel-windows-x86_64-new-UL 0.1.1 44.00 49.00 93.00 OK
r-devel-windows-x86_64-new-TK 0.1.1 NOTE
r-patched-linux-x86_64 0.1.1 3.60 29.31 32.91 OK
r-release-linux-x86_64 0.1.1 OK
r-release-macos-arm64 0.1.1 NOTE
r-release-macos-x86_64 0.1.1 NOTE
r-release-windows-ix86+x86_64 0.1.1 7.00 37.00 44.00 OK
r-oldrel-macos-x86_64 0.1.1 NOTE
r-oldrel-windows-ix86+x86_64 0.1.1 8.00 37.00 45.00 OK

Check Details

Version: 0.1.1
Check: data for non-ASCII characters
Result: NOTE
     Note: found 996 marked UTF-8 strings
Flavors: r-devel-linux-x86_64-fedora-clang, r-devel-linux-x86_64-fedora-gcc, r-devel-windows-x86_64-new-TK, r-release-macos-arm64, r-release-macos-x86_64, r-oldrel-macos-x86_64