CRAN Package Check Results for Package marked

Last updated on 2022-01-18 05:50:18 CET.

Flavor Version Tinstall Tcheck Ttotal Status Flags
r-devel-linux-x86_64-debian-clang 1.2.6 33.05 217.13 250.18 OK
r-devel-linux-x86_64-debian-gcc 1.2.6 26.78 164.97 191.75 OK
r-devel-linux-x86_64-fedora-clang 1.2.6 304.21 NOTE
r-devel-linux-x86_64-fedora-gcc 1.2.6 290.77 NOTE
r-devel-windows-x86_64-new-UL 1.2.6 250.00 261.00 511.00 OK
r-devel-windows-x86_64-new-TK 1.2.6 ERROR
r-patched-linux-x86_64 1.2.6 33.02 207.84 240.86 OK
r-release-linux-x86_64 1.2.6 OK
r-release-macos-arm64 1.2.6 NOTE
r-release-macos-x86_64 1.2.6 NOTE
r-release-windows-ix86+x86_64 1.2.6 82.00 285.00 367.00 OK
r-oldrel-macos-x86_64 1.2.6 NOTE
r-oldrel-windows-ix86+x86_64 1.2.6 82.00 286.00 368.00 OK

Check Details

Version: 1.2.6
Check: dependencies in R code
Result: NOTE
    Namespaces in Imports field not imported from:
     ‘bookdown’ ‘kableExtra’ ‘knitr’
     All declared Imports should be used.
Flavors: r-devel-linux-x86_64-fedora-clang, r-devel-linux-x86_64-fedora-gcc, r-release-macos-arm64, r-release-macos-x86_64, r-oldrel-macos-x86_64

Version: 1.2.6
Check: package dependencies
Result: ERROR
    Package required but not available: 'lme4'
    
    See section 'The DESCRIPTION file' in the 'Writing R Extensions'
    manual.
Flavor: r-devel-windows-x86_64-new-TK