Last updated on 2022-08-18 05:52:35 CEST.
Flavor | Version | Tinstall | Tcheck | Ttotal | Status | Flags |
---|---|---|---|---|---|---|
r-devel-linux-x86_64-debian-clang | 0.1.1 | 69.06 | 106.62 | 175.68 | OK | |
r-devel-linux-x86_64-debian-gcc | 0.1.1 | 51.14 | 76.40 | 127.54 | OK | |
r-devel-linux-x86_64-fedora-clang | 0.1.1 | 216.52 | OK | |||
r-devel-linux-x86_64-fedora-gcc | 0.1.1 | 204.61 | OK | |||
r-devel-windows-x86_64 | 0.1.1 | 55.00 | 150.00 | 205.00 | NOTE | |
r-patched-linux-x86_64 | 0.1.1 | 54.40 | 91.80 | 146.20 | OK | |
r-release-linux-x86_64 | 0.1.1 | 56.76 | 93.86 | 150.62 | OK | |
r-release-macos-arm64 | 0.1.1 | 64.00 | NOTE | |||
r-release-macos-x86_64 | 0.1.1 | 87.00 | NOTE | |||
r-release-windows-x86_64 | 0.1.1 | 63.00 | 169.00 | 232.00 | NOTE | |
r-oldrel-macos-arm64 | 0.1.1 | 77.00 | NOTE | |||
r-oldrel-macos-x86_64 | 0.1.1 | 98.00 | NOTE | |||
r-oldrel-windows-ix86+x86_64 | 0.1.1 | 139.00 | 160.00 | 299.00 | NOTE |
Version: 0.1.1
Check: installed package size
Result: NOTE
installed size is 5.2Mb
sub-directories of 1Mb or more:
examples 2.7Mb
libs 1.3Mb
Flavors: r-devel-windows-x86_64, r-release-macos-arm64, r-release-macos-x86_64, r-release-windows-x86_64, r-oldrel-macos-arm64, r-oldrel-macos-x86_64, r-oldrel-windows-ix86+x86_64