CRAN Package Check Results for Package markets

Last updated on 2024-06-13 06:58:08 CEST.

Flavor Version Tinstall Tcheck Ttotal Status Flags
r-devel-linux-x86_64-debian-clang 1.1.5 92.91 287.88 380.79 OK
r-devel-linux-x86_64-debian-gcc 1.1.5 0.45 1.88 2.33 ERROR
r-devel-linux-x86_64-fedora-clang 1.1.5 481.24 OK
r-devel-linux-x86_64-fedora-gcc 1.1.5 482.49 OK
r-devel-windows-x86_64 1.1.5 62.00 290.00 352.00 OK
r-patched-linux-x86_64 1.1.5 77.92 273.90 351.82 OK
r-release-linux-x86_64 1.1.5 89.66 271.75 361.41 OK
r-release-macos-arm64 1.1.5 150.00 NOTE
r-release-macos-x86_64 1.1.5 241.00 NOTE
r-release-windows-x86_64 1.1.5 62.00 286.00 348.00 OK
r-oldrel-macos-arm64 1.1.5 143.00 NOTE
r-oldrel-macos-x86_64 1.1.5 322.00 NOTE
r-oldrel-windows-x86_64 1.1.5 79.00 359.00 438.00 OK

Check Details

Version: 1.1.5
Check: package dependencies
Result: ERROR Package required but not available: ‘dplyr’ Packages suggested but not available for checking: 'ggplot2', 'testthat' See section ‘The DESCRIPTION file’ in the ‘Writing R Extensions’ manual. Flavor: r-devel-linux-x86_64-debian-gcc

Version: 1.1.5
Check: installed package size
Result: NOTE installed size is 5.3Mb sub-directories of 1Mb or more: libs 3.4Mb Flavors: r-release-macos-arm64, r-release-macos-x86_64, r-oldrel-macos-arm64, r-oldrel-macos-x86_64