CRAN Package Check Results for Package matahari

Last updated on 2022-01-22 05:10:22 CET.

Flavor Version Tinstall Tcheck Ttotal Status Flags
r-devel-linux-x86_64-debian-clang 0.1.3 3.27 48.54 51.81 NOTE
r-devel-linux-x86_64-debian-gcc 0.1.3 2.67 36.89 39.56 NOTE
r-devel-linux-x86_64-fedora-clang 0.1.3 64.75 NOTE
r-devel-linux-x86_64-fedora-gcc 0.1.3 51.62 NOTE
r-devel-windows-x86_64-new-UL 0.1.3 30.00 72.00 102.00 NOTE
r-devel-windows-x86_64-new-TK 0.1.3 NOTE
r-patched-linux-x86_64 0.1.3 3.18 45.00 48.18 NOTE
r-release-linux-x86_64 0.1.3 3.42 45.95 49.37 NOTE
r-release-macos-arm64 0.1.3 NOTE
r-release-macos-x86_64 0.1.3 NOTE
r-release-windows-ix86+x86_64 0.1.3 9.00 67.00 76.00 NOTE
r-oldrel-macos-x86_64 0.1.3 OK
r-oldrel-windows-ix86+x86_64 0.1.3 9.00 62.00 71.00 OK

Check Details

Version: 0.1.3
Check: LazyData
Result: NOTE
     'LazyData' is specified without a 'data' directory
Flavors: r-devel-linux-x86_64-debian-clang, r-devel-linux-x86_64-debian-gcc, r-devel-linux-x86_64-fedora-clang, r-devel-linux-x86_64-fedora-gcc, r-devel-windows-x86_64-new-UL, r-devel-windows-x86_64-new-TK, r-patched-linux-x86_64, r-release-linux-x86_64, r-release-macos-arm64, r-release-macos-x86_64, r-release-windows-ix86+x86_64