CRAN Package Check Results for Package matricks

Last updated on 2024-06-13 06:58:08 CEST.

Flavor Version Tinstall Tcheck Ttotal Status Flags
r-devel-linux-x86_64-debian-clang 0.8.2 21.13 64.23 85.36 NOTE
r-devel-linux-x86_64-debian-gcc 0.8.2 0.43 1.77 2.20 ERROR
r-devel-linux-x86_64-fedora-clang 0.8.2 123.06 NOTE
r-devel-linux-x86_64-fedora-gcc 0.8.2 126.98 NOTE
r-devel-windows-x86_64 0.8.2 21.00 84.00 105.00 NOTE
r-patched-linux-x86_64 0.8.2 18.92 62.72 81.64 NOTE
r-release-linux-x86_64 0.8.2 17.47 62.03 79.50 NOTE
r-release-macos-arm64 0.8.2 41.00 NOTE
r-release-macos-x86_64 0.8.2 61.00 NOTE
r-release-windows-x86_64 0.8.2 24.00 88.00 112.00 NOTE
r-oldrel-macos-arm64 0.8.2 44.00 NOTE
r-oldrel-macos-x86_64 0.8.2 64.00 NOTE
r-oldrel-windows-x86_64 0.8.2 26.00 101.00 127.00 NOTE

Check Details

Version: 0.8.2
Check: LazyData
Result: NOTE 'LazyData' is specified without a 'data' directory Flavors: r-devel-linux-x86_64-debian-clang, r-devel-linux-x86_64-fedora-clang, r-devel-linux-x86_64-fedora-gcc, r-devel-windows-x86_64, r-patched-linux-x86_64, r-release-linux-x86_64, r-release-macos-arm64, r-release-macos-x86_64, r-release-windows-x86_64, r-oldrel-macos-arm64, r-oldrel-macos-x86_64, r-oldrel-windows-x86_64

Version: 0.8.2
Check: package dependencies
Result: ERROR Packages required but not available: 'ggplot2', 'reshape2' Package suggested but not available for checking: ‘testthat’ See section ‘The DESCRIPTION file’ in the ‘Writing R Extensions’ manual. Flavor: r-devel-linux-x86_64-debian-gcc