CRAN Package Check Results for Package matrixProfile

Last updated on 2024-06-15 06:49:50 CEST.

Flavor Version Tinstall Tcheck Ttotal Status Flags
r-devel-linux-x86_64-debian-clang 0.5.0 2.94 28.62 31.56 NOTE
r-devel-linux-x86_64-debian-gcc 0.5.0 1.85 22.36 24.21 NOTE
r-devel-linux-x86_64-fedora-clang 0.5.0 41.16 NOTE
r-devel-linux-x86_64-fedora-gcc 0.5.0 38.17 NOTE
r-devel-windows-x86_64 0.5.0 4.00 45.00 49.00 NOTE
r-patched-linux-x86_64 0.5.0 2.64 27.73 30.37 NOTE
r-release-linux-x86_64 0.5.0 2.25 27.94 30.19 NOTE
r-release-macos-arm64 0.5.0 18.00 NOTE
r-release-macos-x86_64 0.5.0 28.00 NOTE
r-release-windows-x86_64 0.5.0 3.00 44.00 47.00 NOTE
r-oldrel-macos-arm64 0.5.0 18.00 NOTE
r-oldrel-macos-x86_64 0.5.0 24.00 NOTE
r-oldrel-windows-x86_64 0.5.0 4.00 47.00 51.00 NOTE

Check Details

Version: 0.5.0
Check: LazyData
Result: NOTE 'LazyData' is specified without a 'data' directory Flavors: r-devel-linux-x86_64-debian-clang, r-devel-linux-x86_64-debian-gcc, r-devel-linux-x86_64-fedora-clang, r-devel-linux-x86_64-fedora-gcc, r-devel-windows-x86_64, r-patched-linux-x86_64, r-release-linux-x86_64, r-release-macos-arm64, r-release-macos-x86_64, r-release-windows-x86_64, r-oldrel-macos-arm64, r-oldrel-macos-x86_64, r-oldrel-windows-x86_64