CRAN Package Check Results for Package matrixprofiler

Last updated on 2021-10-15 05:53:55 CEST.

Flavor Version Tinstall Tcheck Ttotal Status Flags
r-devel-linux-x86_64-debian-clang 0.1.5 107.57 38.77 146.34 NOTE
r-devel-linux-x86_64-debian-gcc 0.1.5 87.13 29.91 117.04 NOTE
r-devel-linux-x86_64-fedora-clang 0.1.5 239.39 NOTE
r-devel-linux-x86_64-fedora-gcc 0.1.5 215.53 NOTE
r-devel-windows-x86_64 0.1.5 131.00 51.00 182.00 NOTE
r-devel-windows-x86_64-gcc10-UCRT 0.1.5 NOTE
r-patched-linux-x86_64 0.1.5 100.31 36.77 137.08 NOTE
r-patched-solaris-x86 0.1.5 187.90 NOTE
r-release-linux-x86_64 0.1.5 99.45 36.70 136.15 NOTE
r-release-macos-arm64 0.1.5 NOTE
r-release-macos-x86_64 0.1.5 NOTE
r-release-windows-ix86+x86_64 0.1.5 292.00 94.00 386.00 NOTE
r-oldrel-macos-x86_64 0.1.5 NOTE
r-oldrel-windows-ix86+x86_64 0.1.5 292.00 98.00 390.00 NOTE

Check Details

Version: 0.1.5
Check: for GNU extensions in Makefiles
Result: NOTE
    GNU make is a SystemRequirements.
Flavors: r-devel-linux-x86_64-debian-clang, r-devel-linux-x86_64-debian-gcc, r-devel-linux-x86_64-fedora-clang, r-devel-linux-x86_64-fedora-gcc, r-devel-windows-x86_64, r-devel-windows-x86_64-gcc10-UCRT, r-patched-linux-x86_64, r-patched-solaris-x86, r-release-linux-x86_64, r-release-macos-arm64, r-release-macos-x86_64, r-release-windows-ix86+x86_64, r-oldrel-macos-x86_64, r-oldrel-windows-ix86+x86_64