CRAN Package Check Results for Package mau

Last updated on 2021-12-07 05:55:10 CET.

Flavor Version Tinstall Tcheck Ttotal Status Flags
r-devel-linux-x86_64-debian-clang 0.1.2 5.33 78.50 83.83 NOTE
r-devel-linux-x86_64-debian-gcc 0.1.2 4.80 58.62 63.42 NOTE
r-devel-linux-x86_64-fedora-clang 0.1.2 102.64 NOTE
r-devel-linux-x86_64-fedora-gcc 0.1.2 88.76 NOTE
r-devel-windows-x86_64-new-UL 0.1.2 15.00 118.00 133.00 OK
r-devel-windows-x86_64-new-TK 0.1.2 OK
r-devel-windows-x86_64-old 0.1.2 11.00 71.00 82.00 OK
r-patched-linux-x86_64 0.1.2 6.24 71.27 77.51 NOTE
r-release-linux-x86_64 0.1.2 6.11 71.10 77.21 NOTE
r-release-macos-arm64 0.1.2 OK
r-release-macos-x86_64 0.1.2 OK
r-release-windows-ix86+x86_64 0.1.2 12.00 93.00 105.00 OK
r-oldrel-macos-x86_64 0.1.2 OK
r-oldrel-windows-ix86+x86_64 0.1.2 16.00 90.00 106.00 OK

Check Details

Version: 0.1.2
Check: for non-standard things in the check directory
Result: NOTE
    Found the following files/directories:
     'utilities.R'
Flavors: r-devel-linux-x86_64-debian-clang, r-devel-linux-x86_64-debian-gcc, r-devel-linux-x86_64-fedora-clang, r-devel-linux-x86_64-fedora-gcc, r-patched-linux-x86_64, r-release-linux-x86_64