CRAN Package Check Results for Package mboxr

Last updated on 2020-07-15 05:48:10 CEST.

Flavor Version Tinstall Tcheck Ttotal Status Flags
r-devel-linux-x86_64-debian-clang 0.2.0 2.07 25.16 27.23 OK
r-devel-linux-x86_64-debian-gcc 0.2.0 1.63 19.78 21.41 OK
r-devel-linux-x86_64-fedora-clang 0.2.0 41.35 OK
r-devel-linux-x86_64-fedora-gcc 0.2.0 34.66 OK
r-devel-windows-ix86+x86_64 0.2.0 6.00 53.00 59.00 OK
r-patched-linux-x86_64 0.2.0 2.20 25.39 27.59 OK
r-patched-solaris-x86 0.2.0 49.40 OK
r-release-linux-x86_64 0.2.0 2.11 25.85 27.96 OK
r-release-macos-x86_64 0.2.0 FAIL
r-release-windows-ix86+x86_64 0.2.0 12.00 50.00 62.00 OK
r-oldrel-macos-x86_64 0.2.0 OK
r-oldrel-windows-ix86+x86_64 0.2.0 6.00 50.00 56.00 OK

Check Details

Version: 0.2.0
Check: DESCRIPTION meta-information
Result: FAIL
Flavor: r-release-macos-x86_64