CRAN Package Check Results for Package mdbr

Last updated on 2022-01-25 05:54:48 CET.

Flavor Version Tinstall Tcheck Ttotal Status Flags
r-devel-linux-x86_64-debian-clang 0.1.2 3.40 41.85 45.25 NOTE
r-devel-linux-x86_64-debian-gcc 0.1.2 2.82 32.99 35.81 NOTE
r-devel-linux-x86_64-fedora-clang 0.1.2 56.24 NOTE
r-devel-linux-x86_64-fedora-gcc 0.1.2 44.40 NOTE
r-devel-windows-x86_64-new-UL 0.1.2 12.00 60.00 72.00 NOTE
r-devel-windows-x86_64-new-TK 0.1.2 NOTE
r-patched-linux-x86_64 0.1.2 3.51 39.73 43.24 NOTE
r-release-linux-x86_64 0.1.2 3.51 39.57 43.08 NOTE
r-release-macos-arm64 0.1.2 NOTE
r-release-macos-x86_64 0.1.2 NOTE
r-release-windows-ix86+x86_64 0.1.2 9.00 51.00 60.00 NOTE
r-oldrel-macos-x86_64 0.1.2 OK
r-oldrel-windows-ix86+x86_64 0.1.2 8.00 53.00 61.00 OK

Check Details

Version: 0.1.2
Check: LazyData
Result: NOTE
     'LazyData' is specified without a 'data' directory
Flavors: r-devel-linux-x86_64-debian-clang, r-devel-linux-x86_64-debian-gcc, r-devel-linux-x86_64-fedora-clang, r-devel-linux-x86_64-fedora-gcc, r-devel-windows-x86_64-new-UL, r-devel-windows-x86_64-new-TK, r-patched-linux-x86_64, r-release-linux-x86_64, r-release-macos-arm64, r-release-macos-x86_64, r-release-windows-ix86+x86_64