CRAN Package Check Results for Package mdpeer

Last updated on 2022-12-02 05:55:21 CET.

Flavor Version Tinstall Tcheck Ttotal Status Flags
r-devel-linux-x86_64-debian-clang 1.0.1 7.78 80.24 88.02 NOTE
r-devel-linux-x86_64-debian-gcc 1.0.1 5.17 60.86 66.03 NOTE
r-devel-linux-x86_64-fedora-clang 1.0.1 117.30 NOTE
r-devel-linux-x86_64-fedora-gcc 1.0.1 114.23 NOTE
r-devel-windows-x86_64 1.0.1 14.00 115.00 129.00 NOTE
r-patched-linux-x86_64 1.0.1 6.01 72.23 78.24 NOTE
r-release-linux-x86_64 1.0.1 7.27 76.34 83.61 NOTE
r-release-macos-arm64 1.0.1 33.00 NOTE
r-release-macos-x86_64 1.0.1 55.00 NOTE
r-release-windows-x86_64 1.0.1 19.00 121.00 140.00 NOTE
r-oldrel-macos-arm64 1.0.1 47.00 NOTE
r-oldrel-macos-x86_64 1.0.1 47.00 NOTE
r-oldrel-windows-ix86+x86_64 1.0.1 17.00 104.00 121.00 NOTE

Check Details

Version: 1.0.1
Check: LazyData
Result: NOTE
     'LazyData' is specified without a 'data' directory
Flavors: r-devel-linux-x86_64-debian-clang, r-devel-linux-x86_64-debian-gcc, r-devel-linux-x86_64-fedora-clang, r-devel-linux-x86_64-fedora-gcc, r-devel-windows-x86_64, r-patched-linux-x86_64, r-release-linux-x86_64, r-release-macos-arm64, r-release-macos-x86_64, r-release-windows-x86_64, r-oldrel-macos-arm64, r-oldrel-macos-x86_64, r-oldrel-windows-ix86+x86_64

Version: 1.0.1
Check: dependencies in R code
Result: NOTE
    Namespace in Imports field not imported from: ‘glmnet’
     All declared Imports should be used.
Flavors: r-devel-linux-x86_64-fedora-clang, r-devel-linux-x86_64-fedora-gcc, r-release-macos-arm64, r-release-macos-x86_64, r-oldrel-macos-arm64, r-oldrel-macos-x86_64