CRAN Package Check Results for Package meconetcomp

Last updated on 2024-06-13 06:58:08 CEST.

Flavor Version Tinstall Tcheck Ttotal Status Flags
r-devel-linux-x86_64-debian-clang 0.5.0 25.04 126.01 151.05 OK
r-devel-linux-x86_64-debian-gcc 0.5.0 0.40 1.72 2.12 ERROR
r-devel-linux-x86_64-fedora-clang 0.5.0 189.90 OK
r-devel-linux-x86_64-fedora-gcc 0.5.0 176.81 OK
r-devel-windows-x86_64 0.5.0 20.00 109.00 129.00 OK
r-patched-linux-x86_64 0.5.0 26.96 121.47 148.43 OK
r-release-linux-x86_64 0.5.0 21.50 122.62 144.12 OK
r-release-macos-arm64 0.5.0 56.00 OK
r-release-macos-x86_64 0.5.0 80.00 OK
r-release-windows-x86_64 0.5.0 21.00 106.00 127.00 OK
r-oldrel-macos-arm64 0.5.0 60.00 NOTE
r-oldrel-macos-x86_64 0.5.0 99.00 NOTE
r-oldrel-windows-x86_64 0.5.0 27.00 130.00 157.00 OK

Check Details

Version: 0.5.0
Check: package dependencies
Result: ERROR Packages required but not available: 'microeco', 'dplyr', 'igraph', 'reshape2', 'ggpubr', 'ggplot2' Packages suggested but not available for checking: 'rgexf', 'file2meco' See section ‘The DESCRIPTION file’ in the ‘Writing R Extensions’ manual. Flavor: r-devel-linux-x86_64-debian-gcc

Version: 0.5.0
Check: package dependencies
Result: NOTE Package suggested but not available for checking: ‘file2meco’ Flavors: r-oldrel-macos-arm64, r-oldrel-macos-x86_64