CRAN Package Check Results for Package memapp

Last updated on 2019-03-22 05:50:21 CET.

Flavor Version Tinstall Tcheck Ttotal Status Flags
r-devel-linux-x86_64-debian-clang 2.12 2.65 24.73 27.38 OK
r-devel-linux-x86_64-debian-gcc 2.12 1.94 20.28 22.22 OK
r-devel-linux-x86_64-fedora-clang 2.12 34.23 NOTE
r-devel-linux-x86_64-fedora-gcc 2.12 31.05 NOTE
r-devel-windows-ix86+x86_64 2.12 14.00 58.00 72.00 OK
r-patched-linux-x86_64 2.12 1.55 23.12 24.67 OK
r-patched-solaris-x86 2.12 50.40 NOTE
r-release-linux-x86_64 2.12 1.68 23.26 24.94 OK
r-release-windows-ix86+x86_64 2.12 5.00 54.00 59.00 OK
r-release-osx-x86_64 2.12 NOTE
r-oldrel-windows-ix86+x86_64 2.12 9.00 51.00 60.00 OK
r-oldrel-osx-x86_64 2.12 NOTE

Check Details

Version: 2.12
Check: dependencies in R code
Result: NOTE
    Namespaces in Imports field not imported from:
     ‘DT’ ‘RColorBrewer’ ‘RODBC’ ‘dplyr’ ‘foreign’ ‘formattable’ ‘ggplot2’
     ‘haven’ ‘mem’ ‘openxlsx’ ‘plotly’ ‘readxl’ ‘shinyBS’ ‘shinydashboard’
     ‘shinydashboardPlus’ ‘shinyjs’ ‘shinythemes’ ‘stringi’ ‘stringr’
     ‘tidyr’
     All declared Imports should be used.
Flavors: r-devel-linux-x86_64-fedora-clang, r-devel-linux-x86_64-fedora-gcc, r-patched-solaris-x86, r-release-osx-x86_64, r-oldrel-osx-x86_64