CRAN Package Check Results for Package memapp

Last updated on 2019-05-21 05:49:08 CEST.

Flavor Version Tinstall Tcheck Ttotal Status Flags
r-devel-linux-x86_64-debian-clang 2.12 2.46 24.77 27.23 OK
r-devel-linux-x86_64-debian-gcc 2.12 1.99 20.65 22.64 OK
r-devel-linux-x86_64-fedora-clang 2.12 32.73 NOTE
r-devel-linux-x86_64-fedora-gcc 2.12 31.42 NOTE
r-devel-windows-ix86+x86_64 2.12 9.00 61.00 70.00 OK
r-patched-linux-x86_64 2.12 2.63 24.70 27.33 OK
r-patched-solaris-x86 2.12 59.00 NOTE
r-release-linux-x86_64 2.12 2.60 24.51 27.11 OK
r-release-windows-ix86+x86_64 2.12 10.00 60.00 70.00 OK
r-release-osx-x86_64 2.12 NOTE
r-oldrel-windows-ix86+x86_64 2.12 3.00 39.00 42.00 OK
r-oldrel-osx-x86_64 2.12 NOTE

Check Details

Version: 2.12
Check: dependencies in R code
Result: NOTE
    Namespaces in Imports field not imported from:
     ‘DT’ ‘RColorBrewer’ ‘RODBC’ ‘dplyr’ ‘foreign’ ‘formattable’ ‘ggplot2’
     ‘haven’ ‘mem’ ‘openxlsx’ ‘plotly’ ‘readxl’ ‘shinyBS’ ‘shinydashboard’
     ‘shinydashboardPlus’ ‘shinyjs’ ‘shinythemes’ ‘stringi’ ‘stringr’
     ‘tidyr’
     All declared Imports should be used.
Flavors: r-devel-linux-x86_64-fedora-clang, r-devel-linux-x86_64-fedora-gcc, r-patched-solaris-x86, r-release-osx-x86_64, r-oldrel-osx-x86_64