CRAN Package Check Results for Package memgene

Last updated on 2024-06-19 06:58:06 CEST.

Flavor Version Tinstall Tcheck Ttotal Status Flags
r-devel-linux-x86_64-debian-clang 1.0.2 39.96 388.36 428.32 NOTE
r-devel-linux-x86_64-debian-gcc 1.0.2 32.12 280.66 312.78 NOTE
r-devel-linux-x86_64-fedora-clang 1.0.2 523.92 NOTE
r-devel-linux-x86_64-fedora-gcc 1.0.2 512.56 NOTE
r-devel-windows-x86_64 1.0.2 30.00 239.00 269.00 NOTE
r-patched-linux-x86_64 1.0.2 37.10 367.02 404.12 NOTE
r-release-linux-x86_64 1.0.2 37.12 371.37 408.49 NOTE
r-release-macos-arm64 1.0.2 120.00 NOTE
r-release-macos-x86_64 1.0.2 190.00 WARN
r-release-windows-x86_64 1.0.2 32.00 242.00 274.00 NOTE
r-oldrel-macos-arm64 1.0.2 139.00 OK
r-oldrel-macos-x86_64 1.0.2 233.00 OK
r-oldrel-windows-x86_64 1.0.2 43.00 320.00 363.00 OK

Check Details

Version: 1.0.2
Check: Rd files
Result: NOTE checkRd: (-1) mgLandscape.Rd:79: Lost braces 79 | A code{$summary} table giving the results of the variation partitioning. The following table | ^ Flavors: r-devel-linux-x86_64-debian-clang, r-devel-linux-x86_64-debian-gcc, r-devel-linux-x86_64-fedora-clang, r-devel-linux-x86_64-fedora-gcc, r-devel-windows-x86_64, r-patched-linux-x86_64, r-release-linux-x86_64, r-release-macos-arm64, r-release-macos-x86_64, r-release-windows-x86_64

Version: 1.0.2
Check: re-building of vignette outputs
Result: WARN Error(s) in re-building vignettes: ... --- re-building ‘memgeneTutorial.Rnw’ using knitr Error: processing vignette 'memgeneTutorial.Rnw' failed with diagnostics: Running 'texi2dvi' on 'memgeneTutorial.tex' failed. LaTeX errors: ! Undefined control sequence. l.163 \hldef {radialData} \hlkwb{<-} \hlkwd{read.csv}\hldef{(}\hlkwd{system.f... ? ! Emergency stop. l.163 End of file on the terminal! ! ==> Fatal error occurred, no output PDF file produced! --- failed re-building ‘memgeneTutorial.Rnw’ SUMMARY: processing the following file failed: ‘memgeneTutorial.Rnw’ Error: Vignette re-building failed. Execution halted Flavor: r-release-macos-x86_64