CRAN Package Check Results for Package merlin

Last updated on 2019-10-23 05:46:32 CEST.

Flavor Version Tinstall Tcheck Ttotal Status Flags
r-devel-linux-x86_64-debian-clang 0.0.1 6.06 195.46 201.52 OK
r-devel-linux-x86_64-debian-gcc 0.0.1 4.91 167.80 172.71 OK
r-devel-linux-x86_64-fedora-clang 0.0.1 251.31 NOTE
r-devel-linux-x86_64-fedora-gcc 0.0.1 248.58 NOTE
r-devel-windows-ix86+x86_64 0.0.1 9.00 269.00 278.00 OK
r-patched-linux-x86_64 0.0.1 3.96 197.23 201.19 OK
r-patched-solaris-x86 0.0.1 482.50 NOTE
r-release-linux-x86_64 0.0.1 5.46 198.29 203.75 OK
r-release-windows-ix86+x86_64 0.0.1 12.00 248.00 260.00 OK
r-release-osx-x86_64 0.0.1 NOTE
r-oldrel-windows-ix86+x86_64 0.0.1 9.00 298.00 307.00 OK
r-oldrel-osx-x86_64 0.0.1 NOTE

Check Details

Version: 0.0.1
Check: dependencies in R code
Result: NOTE
    Namespace in Imports field not imported from: ‘survival’
     All declared Imports should be used.
Flavors: r-devel-linux-x86_64-fedora-clang, r-devel-linux-x86_64-fedora-gcc, r-patched-solaris-x86, r-release-osx-x86_64, r-oldrel-osx-x86_64