CRAN Package Check Results for Package meta4diag

Last updated on 2019-07-15 05:48:22 CEST.

Flavor Version Tinstall Tcheck Ttotal Status Flags
r-devel-linux-x86_64-debian-clang 2.0.8 11.79 62.91 74.70 NOTE
r-devel-linux-x86_64-debian-gcc 2.0.8 10.65 49.38 60.03 NOTE
r-devel-linux-x86_64-fedora-clang 2.0.8 93.79 OK
r-devel-linux-x86_64-fedora-gcc 2.0.8 88.90 OK
r-devel-windows-ix86+x86_64 2.0.8 19.00 71.00 90.00 OK
r-patched-linux-x86_64 2.0.8 11.78 62.97 74.75 NOTE
r-patched-solaris-x86 2.0.8 124.60 NOTE
r-release-linux-x86_64 2.0.8 12.02 62.45 74.47 NOTE
r-release-windows-ix86+x86_64 2.0.8 21.00 74.00 95.00 OK
r-release-osx-x86_64 2.0.8 NOTE
r-oldrel-windows-ix86+x86_64 2.0.8 22.00 64.00 86.00 OK
r-oldrel-osx-x86_64 2.0.8 NOTE

Check Details

Version: 2.0.8
Check: package dependencies
Result: NOTE
    Package suggested but not available for checking: 'INLA'
Flavors: r-devel-linux-x86_64-debian-clang, r-devel-linux-x86_64-debian-gcc, r-patched-linux-x86_64, r-patched-solaris-x86, r-release-linux-x86_64, r-release-osx-x86_64, r-oldrel-osx-x86_64