CRAN Package Check Results for Package meta4diag

Last updated on 2019-10-15 05:47:50 CEST.

Flavor Version Tinstall Tcheck Ttotal Status Flags
r-devel-linux-x86_64-debian-clang 2.0.8 13.36 62.74 76.10 NOTE
r-devel-linux-x86_64-debian-gcc 2.0.8 9.96 50.25 60.21 NOTE
r-devel-linux-x86_64-fedora-clang 2.0.8 94.61 OK
r-devel-linux-x86_64-fedora-gcc 2.0.8 93.38 OK
r-devel-windows-ix86+x86_64 2.0.8 18.00 108.00 126.00 OK
r-patched-linux-x86_64 2.0.8 10.04 62.99 73.03 NOTE
r-patched-solaris-x86 2.0.8 119.40 NOTE
r-release-linux-x86_64 2.0.8 9.98 63.74 73.72 NOTE
r-release-windows-ix86+x86_64 2.0.8 29.00 71.00 100.00 OK
r-release-osx-x86_64 2.0.8 NOTE
r-oldrel-windows-ix86+x86_64 2.0.8 13.00 72.00 85.00 OK
r-oldrel-osx-x86_64 2.0.8 NOTE

Check Details

Version: 2.0.8
Check: package dependencies
Result: NOTE
    Package suggested but not available for checking: 'INLA'
Flavors: r-devel-linux-x86_64-debian-clang, r-devel-linux-x86_64-debian-gcc, r-patched-linux-x86_64, r-patched-solaris-x86, r-release-linux-x86_64, r-release-osx-x86_64, r-oldrel-osx-x86_64