CRAN Package Check Results for Package metaRNASeq

Last updated on 2019-10-17 05:47:09 CEST.

Flavor Version Tinstall Tcheck Ttotal Status Flags
r-devel-linux-x86_64-debian-clang 1.0.2 1.75 331.52 333.27 NOTE
r-devel-linux-x86_64-debian-gcc 1.0.2 1.46 202.08 203.54 NOTE
r-devel-linux-x86_64-fedora-clang 1.0.2 376.19 NOTE
r-devel-linux-x86_64-fedora-gcc 1.0.2 343.94 NOTE
r-devel-windows-ix86+x86_64 1.0.2 7.00 33.00 40.00 NOTE --no-vignettes
r-patched-linux-x86_64 1.0.2 1.70 295.87 297.57 NOTE
r-patched-solaris-x86 1.0.2 637.60 NOTE --no-build-vignettes
r-release-linux-x86_64 1.0.2 1.78 301.98 303.76 NOTE
r-release-windows-ix86+x86_64 1.0.2 4.00 49.00 53.00 NOTE --no-vignettes
r-release-osx-x86_64 1.0.2 WARN
r-oldrel-windows-ix86+x86_64 1.0.2 3.00 42.00 45.00 NOTE --no-vignettes
r-oldrel-osx-x86_64 1.0.2 WARN

Check Details

Version: 1.0.2
Check: R code for possible problems
Result: NOTE
    fishercomb: no visible global function definition for 'pchisq'
    fishercomb: no visible global function definition for 'p.adjust'
    invnorm : <anonymous>: no visible global function definition for
     'qnorm'
    invnorm: no visible global function definition for 'pnorm'
    invnorm: no visible global function definition for 'p.adjust'
    sim.function : <anonymous>: no visible global function definition for
     'rnorm'
    sim.function : <anonymous>: no visible global function definition for
     'rnbinom'
    Undefined global functions or variables:
     p.adjust pchisq pnorm qnorm rnbinom rnorm
    Consider adding
     importFrom("stats", "p.adjust", "pchisq", "pnorm", "qnorm", "rnbinom",
     "rnorm")
    to your NAMESPACE file.
Flavors: r-devel-linux-x86_64-debian-clang, r-devel-linux-x86_64-debian-gcc, r-devel-linux-x86_64-fedora-clang, r-devel-linux-x86_64-fedora-gcc, r-patched-linux-x86_64, r-release-linux-x86_64, r-release-osx-x86_64, r-oldrel-osx-x86_64

Version: 1.0.2
Flags: --no-vignettes
Check: R code for possible problems
Result: NOTE
    fishercomb: no visible global function definition for 'pchisq'
    fishercomb: no visible global function definition for 'p.adjust'
    invnorm : <anonymous>: no visible global function definition for
     'qnorm'
    invnorm: no visible global function definition for 'pnorm'
    invnorm: no visible global function definition for 'p.adjust'
    sim.function : <anonymous>: no visible global function definition for
     'rnorm'
    sim.function : <anonymous>: no visible global function definition for
     'rnbinom'
    Undefined global functions or variables:
     p.adjust pchisq pnorm qnorm rnbinom rnorm
    Consider adding
     importFrom("stats", "p.adjust", "pchisq", "pnorm", "qnorm", "rnbinom",
     "rnorm")
    to your NAMESPACE file.
Flavors: r-devel-windows-ix86+x86_64, r-release-windows-ix86+x86_64, r-oldrel-windows-ix86+x86_64

Version: 1.0.2
Flags: --no-build-vignettes
Check: R code for possible problems
Result: NOTE
    fishercomb: no visible global function definition for ‘pchisq’
    fishercomb: no visible global function definition for ‘p.adjust’
    invnorm : <anonymous>: no visible global function definition for
     ‘qnorm’
    invnorm: no visible global function definition for ‘pnorm’
    invnorm: no visible global function definition for ‘p.adjust’
    sim.function : <anonymous>: no visible global function definition for
     ‘rnorm’
    sim.function : <anonymous>: no visible global function definition for
     ‘rnbinom’
    Undefined global functions or variables:
     p.adjust pchisq pnorm qnorm rnbinom rnorm
    Consider adding
     importFrom("stats", "p.adjust", "pchisq", "pnorm", "qnorm", "rnbinom",
     "rnorm")
    to your NAMESPACE file.
Flavor: r-patched-solaris-x86

Version: 1.0.2
Check: package dependencies
Result: NOTE
    Packages suggested but not available for checking:
     'HTSFilter', 'DESeq', 'DESeq2'
Flavor: r-release-osx-x86_64

Version: 1.0.2
Check: running R code from vignettes
Result: WARN
    Errors in running code in vignettes:
    when running code in ‘metaRNASeq.Rnw’
     ...
    
    > options(width = 60)
    
    > library(metaRNASeq)
    
    > library(DESeq2)
    
     When sourcing ‘metaRNASeq.R’:
    Error: there is no package called ‘DESeq2’
    Execution halted
Flavor: r-release-osx-x86_64

Version: 1.0.2
Check: re-building of vignette outputs
Result: NOTE
    Error(s) in re-building vignettes:
     ...
    --- re-building ‘metaRNASeq.Rnw’ using Sweave
    
    Error: processing vignette 'metaRNASeq.Rnw' failed with diagnostics:
     chunk 2 (label = loadparameters)
    Error in library(DESeq2) : there is no package called ‘DESeq2’
    
    --- failed re-building ‘metaRNASeq.Rnw’
    
    SUMMARY: processing the following file failed:
     ‘metaRNASeq.Rnw’
    
    Error: Vignette re-building failed.
    Execution halted
Flavor: r-release-osx-x86_64

Version: 1.0.2
Check: package dependencies
Result: NOTE
    Package suggested but not available for checking: ‘HTSFilter’
Flavor: r-oldrel-osx-x86_64

Version: 1.0.2
Check: running R code from vignettes
Result: WARN
    Errors in running code in vignettes:
    when running code in ‘metaRNASeq.Rnw’
     ...
     estimateSizeFactorsForMatrix,
     getVarianceStabilizedData,
     varianceStabilizingTransformation
    
    
    > library(HTSFilter)
    
     When sourcing ‘metaRNASeq.R’:
    Error: there is no package called ‘HTSFilter’
    Execution halted
Flavor: r-oldrel-osx-x86_64

Version: 1.0.2
Check: re-building of vignette outputs
Result: NOTE
    Error in re-building vignettes:
     ...
    estimating dispersions
    gene-wise dispersion estimates
    mean-dispersion relationship
    final dispersion estimates
    fitting model and testing
    Loading required package: locfit
    locfit 1.5-9.1 2013-03-22
    Loading required package: lattice
     Welcome to 'DESeq'. For improved performance,
     usability and functionality, please consider
     migrating to 'DESeq2'.
    
    Attaching package: ‘DESeq’
    
    The following objects are masked from ‘package:DESeq2’:
    
     estimateSizeFactorsForMatrix,
     getVarianceStabilizedData,
     varianceStabilizingTransformation
    
    
    Error: processing vignette 'metaRNASeq.Rnw' failed with diagnostics:
     chunk 9 (label = DESeq1study)
    Error in library(HTSFilter) : there is no package called ‘HTSFilter’
    Execution halted
Flavor: r-oldrel-osx-x86_64