CRAN Package Check Results for Package metacoder

Last updated on 2019-04-25 05:49:45 CEST.

Flavor Version Tinstall Tcheck Ttotal Status Flags
r-devel-linux-x86_64-debian-clang 0.3.2 24.54 102.10 126.64 OK
r-devel-linux-x86_64-debian-gcc 0.3.2 20.62 76.42 97.04 OK
r-devel-linux-x86_64-fedora-clang 0.3.2 151.98 NOTE
r-devel-linux-x86_64-fedora-gcc 0.3.2 144.06 NOTE
r-devel-windows-ix86+x86_64 0.3.2 63.00 151.00 214.00 OK
r-patched-linux-x86_64 0.3.2 21.71 98.44 120.15 OK
r-patched-solaris-x86 0.3.2 202.40 NOTE
r-release-linux-x86_64 0.3.2 23.19 100.72 123.91 OK
r-release-windows-ix86+x86_64 0.3.2 43.00 215.00 258.00 OK
r-release-osx-x86_64 0.3.2 NOTE
r-oldrel-windows-ix86+x86_64 0.3.2 44.00 175.00 219.00 NOTE
r-oldrel-osx-x86_64 0.3.1 NOTE

Check Details

Version: 0.3.2
Check: dependencies in R code
Result: NOTE
    Namespaces in Imports field not imported from:
     ‘ggrepel’ ‘reshape’ ‘svglite’
     All declared Imports should be used.
Flavors: r-devel-linux-x86_64-fedora-clang, r-devel-linux-x86_64-fedora-gcc, r-patched-solaris-x86, r-release-osx-x86_64

Version: 0.3.2
Check: package dependencies
Result: NOTE
    Package suggested but not available for checking: 'BiocManager'
Flavor: r-oldrel-windows-ix86+x86_64

Version: 0.3.1
Check: package dependencies
Result: NOTE
    Package suggested but not available for checking: ‘BiocManager’
Flavor: r-oldrel-osx-x86_64

Version: 0.3.1
Check: dependencies in R code
Result: NOTE
    Namespaces in Imports field not imported from:
     ‘ggrepel’ ‘reshape’ ‘svglite’
     All declared Imports should be used.
Flavor: r-oldrel-osx-x86_64