CRAN Package Check Results for Package metacoder

Last updated on 2019-02-20 05:49:50 CET.

Flavor Version Tinstall Tcheck Ttotal Status Flags
r-devel-linux-x86_64-debian-clang 0.3.1 0.79 2.14 2.93 ERROR
r-devel-linux-x86_64-debian-gcc 0.3.1 19.59 77.16 96.75 OK
r-devel-linux-x86_64-fedora-clang 0.3.1 157.73 NOTE
r-devel-linux-x86_64-fedora-gcc 0.3.1 148.67 NOTE
r-devel-windows-ix86+x86_64 0.3.1 62.00 221.00 283.00 OK
r-patched-linux-x86_64 0.3.1 OK
r-patched-solaris-x86 0.3.1 192.10 NOTE
r-release-linux-x86_64 0.3.1 21.45 98.81 120.26 OK
r-release-windows-ix86+x86_64 0.3.1 39.00 237.00 276.00 OK
r-release-osx-x86_64 0.3.1 NOTE
r-oldrel-windows-ix86+x86_64 0.3.1 41.00 187.00 228.00 NOTE
r-oldrel-osx-x86_64 0.3.1 NOTE

Check Details

Version: 0.3.1
Check: package dependencies
Result: ERROR
    Packages required but not available: 'biomformat', 'phyloseq'
    
    See section ‘The DESCRIPTION file’ in the ‘Writing R Extensions’
    manual.
Flavor: r-devel-linux-x86_64-debian-clang

Version: 0.3.1
Check: dependencies in R code
Result: NOTE
    Namespaces in Imports field not imported from:
     ‘ggrepel’ ‘reshape’ ‘svglite’
     All declared Imports should be used.
Flavors: r-devel-linux-x86_64-fedora-clang, r-devel-linux-x86_64-fedora-gcc, r-patched-solaris-x86, r-release-osx-x86_64, r-oldrel-osx-x86_64

Version: 0.3.1
Check: package dependencies
Result: NOTE
    Package suggested but not available for checking: 'BiocManager'
Flavors: r-oldrel-windows-ix86+x86_64, r-oldrel-osx-x86_64