CRAN Package Check Results for Package metacoder

Last updated on 2019-09-15 05:46:19 CEST.

Flavor Version Tinstall Tcheck Ttotal Status Flags
r-devel-linux-x86_64-debian-clang 0.3.3 22.95 101.71 124.66 OK
r-devel-linux-x86_64-debian-gcc 0.3.3 18.44 77.06 95.50 OK
r-devel-linux-x86_64-fedora-clang 0.3.3 154.29 NOTE
r-devel-linux-x86_64-fedora-gcc 0.3.3 151.65 NOTE
r-devel-windows-ix86+x86_64 0.3.3 69.00 225.00 294.00 OK
r-patched-linux-x86_64 0.3.3 19.64 99.00 118.64 OK
r-patched-solaris-x86 0.3.3 205.60 NOTE
r-release-linux-x86_64 0.3.3 20.11 98.49 118.60 OK
r-release-windows-ix86+x86_64 0.3.3 44.00 161.00 205.00 OK
r-release-osx-x86_64 0.3.3 ERROR
r-oldrel-windows-ix86+x86_64 0.3.3 68.00 165.00 233.00 OK
r-oldrel-osx-x86_64 0.3.3 NOTE

Check Details

Version: 0.3.3
Check: dependencies in R code
Result: NOTE
    Namespaces in Imports field not imported from:
     ‘ggrepel’ ‘reshape’ ‘svglite’
     All declared Imports should be used.
Flavors: r-devel-linux-x86_64-fedora-clang, r-devel-linux-x86_64-fedora-gcc, r-patched-solaris-x86, r-oldrel-osx-x86_64

Version: 0.3.3
Check: package dependencies
Result: ERROR
    Package required but not available: ‘biomformat’
    
    Packages suggested but not available for checking: 'zlibbioc', 'phyloseq'
    
    See section ‘The DESCRIPTION file’ in the ‘Writing R Extensions’
    manual.
Flavor: r-release-osx-x86_64