CRAN Package Check Results for Package metagear

Last updated on 2021-12-06 05:53:15 CET.

Flavor Version Tinstall Tcheck Ttotal Status Flags
r-devel-linux-x86_64-debian-clang 0.7 12.79 123.02 135.81 OK
r-devel-linux-x86_64-debian-gcc 0.7 10.78 95.83 106.61 OK
r-devel-linux-x86_64-fedora-clang 0.7 171.12 OK
r-devel-linux-x86_64-fedora-gcc 0.7 156.75 OK
r-devel-windows-x86_64-new-UL 0.7 26.00 153.00 179.00 OK
r-devel-windows-x86_64-new-TK 0.7 OK
r-devel-windows-x86_64-old 0.7 19.00 91.00 110.00 OK
r-patched-linux-x86_64 0.7 13.92 112.55 126.47 OK
r-release-linux-x86_64 0.7 13.14 121.66 134.80 OK
r-release-macos-arm64 0.7 NOTE
r-release-macos-x86_64 0.7 OK
r-release-windows-ix86+x86_64 0.7 27.00 124.00 151.00 OK
r-oldrel-macos-x86_64 0.7 OK
r-oldrel-windows-ix86+x86_64 0.7 29.00 123.00 152.00 OK

Check Details

Version: 0.7
Check: package dependencies
Result: NOTE
    Package suggested but not available for checking: ‘EBImage’
Flavor: r-release-macos-arm64