CRAN Package Check Results for Package metamedian

Last updated on 2022-05-27 05:53:01 CEST.

Flavor Version Tinstall Tcheck Ttotal Status Flags
r-devel-linux-x86_64-debian-clang 0.1.5 2.30 38.24 40.54 NOTE
r-devel-linux-x86_64-debian-gcc 0.1.5 2.09 29.02 31.11 NOTE
r-devel-linux-x86_64-fedora-clang 0.1.5 48.32 NOTE
r-devel-linux-x86_64-fedora-gcc 0.1.5 36.69 NOTE
r-devel-windows-x86_64 0.1.5 13.00 53.00 66.00 NOTE
r-patched-linux-x86_64 0.1.5 11.04 36.24 47.28 NOTE
r-release-linux-x86_64 0.1.5 1.64 36.24 37.88 NOTE
r-release-macos-arm64 0.1.5 19.00 NOTE
r-release-macos-x86_64 0.1.5 27.00 NOTE
r-release-windows-x86_64 0.1.5 11.00 54.00 65.00 NOTE
r-oldrel-macos-arm64 0.1.5 21.00 NOTE
r-oldrel-macos-x86_64 0.1.5 28.00 NOTE
r-oldrel-windows-ix86+x86_64 0.1.5 7.00 47.00 54.00 NOTE

Check Details

Version: 0.1.5
Check: LazyData
Result: NOTE
     'LazyData' is specified without a 'data' directory
Flavors: r-devel-linux-x86_64-debian-clang, r-devel-linux-x86_64-debian-gcc, r-devel-linux-x86_64-fedora-clang, r-devel-linux-x86_64-fedora-gcc, r-devel-windows-x86_64, r-patched-linux-x86_64, r-release-linux-x86_64, r-release-macos-arm64, r-release-macos-x86_64, r-release-windows-x86_64, r-oldrel-macos-arm64, r-oldrel-macos-x86_64, r-oldrel-windows-ix86+x86_64