CRAN Package Check Results for Package metapro

Last updated on 2019-10-22 05:47:19 CEST.

Flavor Version Tinstall Tcheck Ttotal Status Flags
r-devel-linux-x86_64-debian-clang 1.5.8 3.58 29.67 33.25 OK
r-devel-linux-x86_64-debian-gcc 1.5.8 2.57 23.91 26.48 OK
r-devel-linux-x86_64-fedora-clang 1.5.8 40.95 OK
r-devel-linux-x86_64-fedora-gcc 1.5.8 39.67 OK
r-devel-windows-ix86+x86_64 1.5.8 5.00 8.00 13.00 ERROR
r-patched-linux-x86_64 1.5.8 3.07 29.45 32.52 OK
r-patched-solaris-x86 1.5.8 64.50 OK
r-release-linux-x86_64 1.5.8 2.72 29.58 32.30 OK
r-release-windows-ix86+x86_64 1.5.8 10.00 39.00 49.00 OK
r-release-osx-x86_64 1.5.8 OK
r-oldrel-windows-ix86+x86_64 1.5.8 3.00 37.00 40.00 OK
r-oldrel-osx-x86_64 1.5.8 OK

Check Details

Version: 1.5.8
Check: whether package can be installed
Result: ERROR
    Installation failed.
Flavor: r-devel-windows-ix86+x86_64