CRAN Package Check Results for Package mfbvar

Last updated on 2021-10-17 05:49:16 CEST.

Flavor Version Tinstall Tcheck Ttotal Status Flags
r-devel-linux-x86_64-debian-clang 0.5.6 497.82 130.09 627.91 NOTE
r-devel-linux-x86_64-debian-gcc 0.5.6 376.28 95.72 472.00 NOTE
r-devel-linux-x86_64-fedora-clang 0.5.6 993.79 NOTE
r-devel-linux-x86_64-fedora-gcc 0.5.6 874.16 NOTE
r-devel-windows-x86_64 0.5.6 628.00 162.00 790.00 NOTE
r-devel-windows-x86_64-gcc10-UCRT 0.5.6 NOTE
r-patched-linux-x86_64 0.5.6 450.79 123.03 573.82 NOTE
r-patched-solaris-x86 0.5.6 772.20 NOTE
r-release-linux-x86_64 0.5.6 440.06 122.21 562.27 NOTE
r-release-macos-arm64 0.5.6 NOTE
r-release-macos-x86_64 0.5.6 NOTE
r-release-windows-ix86+x86_64 0.5.6 1227.00 198.00 1425.00 NOTE
r-oldrel-macos-x86_64 0.5.6 NOTE
r-oldrel-windows-ix86+x86_64 0.5.6 1232.00 206.00 1438.00 NOTE

Check Details

Version: 0.5.6
Check: for GNU extensions in Makefiles
Result: NOTE
    GNU make is a SystemRequirements.
Flavors: r-devel-linux-x86_64-debian-clang, r-devel-linux-x86_64-debian-gcc, r-devel-linux-x86_64-fedora-clang, r-devel-linux-x86_64-fedora-gcc, r-devel-windows-x86_64, r-devel-windows-x86_64-gcc10-UCRT, r-patched-linux-x86_64, r-patched-solaris-x86, r-release-linux-x86_64, r-release-macos-arm64, r-release-macos-x86_64, r-release-windows-ix86+x86_64, r-oldrel-macos-x86_64, r-oldrel-windows-ix86+x86_64

Version: 0.5.6
Check: installed package size
Result: NOTE
     installed size is 23.2Mb
     sub-directories of 1Mb or more:
     libs 22.2Mb
Flavors: r-devel-linux-x86_64-fedora-clang, r-release-macos-arm64, r-release-macos-x86_64, r-release-windows-ix86+x86_64, r-oldrel-macos-x86_64, r-oldrel-windows-ix86+x86_64