CRAN Package Check Results for Package mhtboot

Last updated on 2022-11-26 05:09:21 CET.

Flavor Version Tinstall Tcheck Ttotal Status Flags
r-devel-linux-x86_64-debian-clang 1.3.3 6.46 121.45 127.91 NOTE
r-devel-linux-x86_64-debian-gcc 1.3.3 4.66 86.61 91.27 NOTE
r-devel-linux-x86_64-fedora-clang 1.3.3 159.62 NOTE
r-devel-linux-x86_64-fedora-gcc 1.3.3 157.44 NOTE
r-devel-windows-x86_64 1.3.3 16.00 155.00 171.00 NOTE
r-patched-linux-x86_64 1.3.3 NOTE
r-release-linux-x86_64 1.3.3 5.88 112.10 117.98 NOTE
r-release-macos-arm64 1.3.3 47.00 NOTE
r-release-macos-x86_64 1.3.3 93.00 NOTE
r-release-windows-x86_64 1.3.3 26.00 158.00 184.00 NOTE
r-oldrel-macos-arm64 1.3.3 48.00 NOTE
r-oldrel-macos-x86_64 1.3.3 71.00 NOTE
r-oldrel-windows-ix86+x86_64 1.3.3 16.00 152.00 168.00 NOTE

Check Details

Version: 1.3.3
Check: LazyData
Result: NOTE
     'LazyData' is specified without a 'data' directory
Flavors: r-devel-linux-x86_64-debian-clang, r-devel-linux-x86_64-debian-gcc, r-devel-linux-x86_64-fedora-clang, r-devel-linux-x86_64-fedora-gcc, r-devel-windows-x86_64, r-patched-linux-x86_64, r-release-linux-x86_64, r-release-macos-arm64, r-release-macos-x86_64, r-release-windows-x86_64, r-oldrel-macos-arm64, r-oldrel-macos-x86_64, r-oldrel-windows-ix86+x86_64