CRAN Package Check Results for Package mi4p

Last updated on 2021-12-03 05:52:04 CET.

Flavor Version Tinstall Tcheck Ttotal Status Flags
r-devel-linux-x86_64-debian-clang 0.7 4.04 71.95 75.99 OK
r-devel-linux-x86_64-debian-gcc 0.7 2.84 57.43 60.27 OK
r-devel-linux-x86_64-fedora-clang 0.7 108.57 OK
r-devel-linux-x86_64-fedora-gcc 0.7 94.46 OK
r-devel-windows-x86_64-new-UL 0.7 17.00 136.00 153.00 OK
r-devel-windows-x86_64-new-TK 0.7 OK
r-devel-windows-x86_64-old 0.7 9.00 79.00 88.00 OK
r-patched-linux-x86_64 0.7 4.39 67.55 71.94 WARN
r-release-linux-x86_64 0.7 3.52 68.51 72.03 WARN
r-release-macos-arm64 0.7 ERROR
r-release-macos-x86_64 0.7 ERROR
r-release-windows-ix86+x86_64 0.7 15.00 109.00 124.00 WARN
r-oldrel-macos-x86_64 0.7 ERROR
r-oldrel-windows-ix86+x86_64 0.7 14.00 107.00 121.00 WARN

Check Details

Version: 0.7
Check: re-building of vignette outputs
Result: WARN
    Error(s) in re-building vignettes:
     ...
    --- re-building ‘Intromi4p.Rmd’ using rmarkdown
    Error: processing vignette 'Intromi4p.Rmd' failed with diagnostics:
    there is no package called ‘prettydoc’
    --- failed re-building ‘Intromi4p.Rmd’
    
    SUMMARY: processing the following file failed:
     ‘Intromi4p.Rmd’
    
    Error: Vignette re-building failed.
    Execution halted
Flavors: r-patched-linux-x86_64, r-release-linux-x86_64

Version: 0.7
Check: package dependencies
Result: ERROR
    Package required but not available: ‘DAPAR’
    
    See section ‘The DESCRIPTION file’ in the ‘Writing R Extensions’
    manual.
Flavors: r-release-macos-arm64, r-release-macos-x86_64, r-oldrel-macos-x86_64

Version: 0.7
Check: re-building of vignette outputs
Result: WARN
    Error(s) in re-building vignettes:
    --- re-building 'Intromi4p.Rmd' using rmarkdown
    Error: processing vignette 'Intromi4p.Rmd' failed with diagnostics:
    there is no package called 'prettydoc'
    --- failed re-building 'Intromi4p.Rmd'
    
    SUMMARY: processing the following file failed:
     'Intromi4p.Rmd'
    
    Error: Vignette re-building failed.
    Execution halted
Flavors: r-release-windows-ix86+x86_64, r-oldrel-windows-ix86+x86_64