CRAN Package Check Results for Package michelRodange

Last updated on 2024-06-22 06:50:52 CEST.

Flavor Version Tinstall Tcheck Ttotal Status Flags
r-devel-linux-x86_64-debian-clang 1.0.0 1.97 25.63 27.60 OK
r-devel-linux-x86_64-debian-gcc 1.0.0 1.46 19.86 21.32 OK
r-devel-linux-x86_64-fedora-clang 1.0.0 35.98 NOTE
r-devel-linux-x86_64-fedora-gcc 1.0.0 45.92 NOTE
r-devel-windows-x86_64 1.0.0 4.00 41.00 45.00 OK
r-patched-linux-x86_64 1.0.0 1.85 24.95 26.80 OK
r-release-linux-x86_64 1.0.0 1.89 24.77 26.66 OK
r-release-macos-arm64 1.0.0 21.00 OK
r-release-macos-x86_64 1.0.0 34.00 OK
r-release-windows-x86_64 1.0.0 4.00 43.00 47.00 OK
r-oldrel-macos-arm64 1.0.0 22.00 OK
r-oldrel-macos-x86_64 1.0.0 30.00 OK
r-oldrel-windows-x86_64 1.0.0 3.00 44.00 47.00 OK

Check Details

Version: 1.0.0
Check: data for non-ASCII characters
Result: NOTE Note: found 9345 marked UTF-8 strings Flavors: r-devel-linux-x86_64-fedora-clang, r-devel-linux-x86_64-fedora-gcc