CRAN Package Check Results for Package microdemic

Last updated on 2021-12-07 05:55:10 CET.

Flavor Version Tinstall Tcheck Ttotal Status Flags
r-devel-linux-x86_64-debian-clang 0.6.0 2.21 30.56 32.77 NOTE
r-devel-linux-x86_64-debian-gcc 0.6.0 1.60 24.70 26.30 NOTE
r-devel-linux-x86_64-fedora-clang 0.6.0 41.36 NOTE
r-devel-linux-x86_64-fedora-gcc 0.6.0 30.62 NOTE
r-devel-windows-x86_64-new-UL 0.6.0 6.00 59.00 65.00 NOTE
r-devel-windows-x86_64-new-TK 0.6.0 NOTE
r-devel-windows-x86_64-old 0.6.0 5.00 31.00 36.00 NOTE
r-patched-linux-x86_64 0.6.0 1.94 29.68 31.62 NOTE
r-release-linux-x86_64 0.6.0 2.03 29.60 31.63 NOTE
r-release-macos-arm64 0.6.0 NOTE
r-release-macos-x86_64 0.6.0 NOTE
r-release-windows-ix86+x86_64 0.6.0 5.00 45.00 50.00 NOTE
r-oldrel-macos-x86_64 0.6.0 OK
r-oldrel-windows-ix86+x86_64 0.6.0 5.00 39.00 44.00 OK

Check Details

Version: 0.6.0
Check: LazyData
Result: NOTE
     'LazyData' is specified without a 'data' directory
Flavors: r-devel-linux-x86_64-debian-clang, r-devel-linux-x86_64-debian-gcc, r-devel-linux-x86_64-fedora-clang, r-devel-linux-x86_64-fedora-gcc, r-devel-windows-x86_64-new-UL, r-devel-windows-x86_64-new-TK, r-devel-windows-x86_64-old, r-patched-linux-x86_64, r-release-linux-x86_64, r-release-macos-arm64, r-release-macos-x86_64, r-release-windows-ix86+x86_64