Last updated on 2022-05-25 05:53:42 CEST.
Flavor | Version | Tinstall | Tcheck | Ttotal | Status | Flags |
---|---|---|---|---|---|---|
r-devel-linux-x86_64-debian-clang | 1.3.7 | 91.28 | 85.89 | 177.17 | OK | |
r-devel-linux-x86_64-debian-gcc | 1.3.7 | 71.42 | 66.54 | 137.96 | OK | |
r-devel-linux-x86_64-fedora-clang | 1.3.7 | 239.11 | NOTE | |||
r-devel-linux-x86_64-fedora-gcc | 1.3.7 | 206.27 | OK | |||
r-devel-windows-x86_64 | 1.3.7 | 447.00 | 133.00 | 580.00 | NOTE | |
r-patched-linux-x86_64 | 1.3.7 | 73.52 | 83.23 | 156.75 | OK | |
r-release-linux-x86_64 | 1.3.7 | OK | ||||
r-release-macos-arm64 | 1.3.7 | 58.00 | NOTE | |||
r-release-macos-x86_64 | 1.3.7 | 80.00 | NOTE | |||
r-release-windows-x86_64 | 1.3.7 | 455.00 | 130.00 | 585.00 | NOTE | |
r-oldrel-macos-arm64 | 1.3.7 | 57.00 | NOTE | |||
r-oldrel-macos-x86_64 | 1.3.7 | 75.00 | NOTE | |||
r-oldrel-windows-ix86+x86_64 | 1.3.7 | 232.00 | 132.00 | 364.00 | NOTE |
Version: 1.3.7
Check: installed package size
Result: NOTE
installed size is 15.5Mb
sub-directories of 1Mb or more:
doc 6.0Mb
lib 5.9Mb
libs 2.9Mb
Flavors: r-devel-linux-x86_64-fedora-clang, r-devel-windows-x86_64, r-release-macos-arm64, r-release-macos-x86_64, r-release-windows-x86_64, r-oldrel-macos-arm64, r-oldrel-macos-x86_64, r-oldrel-windows-ix86+x86_64