CRAN Package Check Results for Package migest

Last updated on 2021-12-07 05:55:10 CET.

Flavor Version Tinstall Tcheck Ttotal Status Flags
r-devel-linux-x86_64-debian-clang 2.0.2 5.03 53.89 58.92 OK
r-devel-linux-x86_64-debian-gcc 2.0.2 4.25 41.28 45.53 OK
r-devel-linux-x86_64-fedora-clang 2.0.2 75.72 NOTE
r-devel-linux-x86_64-fedora-gcc 2.0.2 61.23 NOTE
r-devel-windows-x86_64-new-UL 2.0.2 22.00 111.00 133.00 OK
r-devel-windows-x86_64-new-TK 2.0.2 NOTE
r-devel-windows-x86_64-old 2.0.2 11.00 49.00 60.00 OK
r-patched-linux-x86_64 2.0.2 7.30 51.98 59.28 OK
r-release-linux-x86_64 2.0.2 5.66 50.95 56.61 OK
r-release-macos-arm64 2.0.2 NOTE
r-release-macos-x86_64 2.0.2 NOTE
r-release-windows-ix86+x86_64 2.0.2 8.00 54.00 62.00 OK
r-oldrel-macos-x86_64 2.0.2 ERROR
r-oldrel-windows-ix86+x86_64 2.0.2 8.00 48.00 56.00 ERROR

Check Details

Version: 2.0.2
Check: data for non-ASCII characters
Result: NOTE
     Note: found 4 marked UTF-8 strings
Flavors: r-devel-linux-x86_64-fedora-clang, r-devel-linux-x86_64-fedora-gcc, r-devel-windows-x86_64-new-TK, r-release-macos-arm64, r-release-macos-x86_64, r-oldrel-macos-x86_64

Version: 2.0.2
Check: examples
Result: ERROR
    Running examples in ‘migest-Ex.R’ failed
    The error most likely occurred in:
    
    > ### Name: index_distance
    > ### Title: Summary indices of migration distance
    > ### Aliases: index_distance
    >
    > ### ** Examples
    >
    > # single year
    > index_distance(
    + m = subset(korea_reg, year == 2020),
    + d = korea_dist
    + )
    Error in index_distance(m = subset(korea_reg, year == 2020), d = korea_dist) :
     different region names in m and d
    Execution halted
Flavors: r-oldrel-macos-x86_64, r-oldrel-windows-ix86+x86_64