CRAN Package Check Results for Package migraph

Last updated on 2021-10-25 05:58:18 CEST.

Flavor Version Tinstall Tcheck Ttotal Status Flags
r-devel-linux-x86_64-debian-clang 0.7.1 11.43 111.26 122.69 OK
r-devel-linux-x86_64-debian-gcc 0.8.1 8.47 103.13 111.60 OK
r-devel-linux-x86_64-fedora-clang 0.8.1 185.10 NOTE
r-devel-linux-x86_64-fedora-gcc 0.8.1 178.42 NOTE
r-devel-windows-x86_64 0.8.1 18.00 183.00 201.00 OK
r-devel-windows-x86_64-gcc10-UCRT 0.8.1 NOTE
r-patched-linux-x86_64 0.7.1 17.47 104.89 122.36 OK
r-patched-solaris-x86 0.8.1 196.90 NOTE
r-release-linux-x86_64 0.8.1 11.61 130.13 141.74 OK
r-release-macos-arm64 0.7.1 OK
r-release-macos-x86_64 0.8.1 NOTE
r-release-windows-ix86+x86_64 0.7.1 15.00 124.00 139.00 OK
r-oldrel-macos-x86_64 0.8.1 NOTE
r-oldrel-windows-ix86+x86_64 0.7.1 28.00 145.00 173.00 OK

Check Details

Version: 0.8.1
Check: dependencies in R code
Result: NOTE
    Namespaces in Imports field not imported from:
     ‘knitr’ ‘rmarkdown’
     All declared Imports should be used.
Flavors: r-devel-linux-x86_64-fedora-clang, r-devel-linux-x86_64-fedora-gcc, r-devel-windows-x86_64-gcc10-UCRT, r-patched-solaris-x86, r-release-macos-x86_64, r-oldrel-macos-x86_64