CRAN Package Check Results for Package milorGWAS

Last updated on 2020-12-02 05:48:10 CET.

Flavor Version Tinstall Tcheck Ttotal Status Flags
r-devel-linux-x86_64-debian-clang 0.3 82.58 91.65 174.23 OK
r-devel-linux-x86_64-debian-gcc 0.3 38.56 72.15 110.71 OK
r-devel-linux-x86_64-fedora-clang 0.3 209.89 NOTE
r-devel-linux-x86_64-fedora-gcc 0.3 184.74 OK
r-devel-windows-ix86+x86_64 0.3 133.00 118.00 251.00 OK
r-patched-linux-x86_64 0.3 48.30 89.84 138.14 OK
r-patched-solaris-x86 0.3 281.60 OK
r-release-linux-x86_64 0.3 48.73 91.70 140.43 OK
r-release-macos-x86_64 0.3 NOTE
r-release-windows-ix86+x86_64 0.3 111.00 114.00 225.00 OK
r-oldrel-macos-x86_64 0.3 NOTE
r-oldrel-windows-ix86+x86_64 0.3 103.00 119.00 222.00 OK

Check Details

Version: 0.3
Check: installed package size
Result: NOTE
     installed size is 6.8Mb
     sub-directories of 1Mb or more:
     libs 6.2Mb
Flavors: r-devel-linux-x86_64-fedora-clang, r-release-macos-x86_64, r-oldrel-macos-x86_64