CRAN Package Check Results for Package mimi

Last updated on 2019-12-15 05:47:44 CET.

Flavor Version Tinstall Tcheck Ttotal Status Flags
r-devel-linux-x86_64-debian-clang 0.2.0 5.69 39.42 45.11 OK
r-devel-linux-x86_64-debian-gcc 0.2.0 5.19 30.49 35.68 OK
r-devel-linux-x86_64-fedora-clang 0.2.0 56.05 NOTE
r-devel-linux-x86_64-fedora-gcc 0.2.0 54.24 NOTE
r-devel-windows-ix86+x86_64 0.2.0 13.00 64.00 77.00 OK
r-devel-windows-ix86+x86_64-gcc8 0.2.0 18.00 55.00 73.00 OK
r-patched-linux-x86_64 0.2.0 5.61 35.66 41.27 OK
r-patched-solaris-x86 0.2.0 73.60 NOTE
r-release-linux-x86_64 0.2.0 6.01 35.69 41.70 OK
r-release-windows-ix86+x86_64 0.2.0 9.00 46.00 55.00 OK
r-release-osx-x86_64 0.2.0 NOTE
r-oldrel-windows-ix86+x86_64 0.2.0 7.00 48.00 55.00 OK
r-oldrel-osx-x86_64 0.2.0 NOTE

Check Details

Version: 0.2.0
Check: dependencies in R code
Result: NOTE
    Namespaces in Imports field not imported from:
     ‘FactoMineR’ ‘softImpute’
     All declared Imports should be used.
Flavors: r-devel-linux-x86_64-fedora-clang, r-devel-linux-x86_64-fedora-gcc, r-patched-solaris-x86, r-release-osx-x86_64, r-oldrel-osx-x86_64