CRAN Package Check Results for Package missForest

Last updated on 2019-08-24 05:47:02 CEST.

Flavor Version Tinstall Tcheck Ttotal Status Flags
r-devel-linux-x86_64-debian-clang 1.4 2.12 21.87 23.99 NOTE
r-devel-linux-x86_64-debian-gcc 1.4 1.91 17.76 19.67 NOTE
r-devel-linux-x86_64-fedora-clang 1.4 31.22 NOTE
r-devel-linux-x86_64-fedora-gcc 1.4 29.07 NOTE
r-devel-windows-ix86+x86_64 1.4 4.00 36.00 40.00 NOTE
r-patched-linux-x86_64 1.4 2.09 21.84 23.93 NOTE
r-patched-solaris-x86 1.4 47.60 NOTE
r-release-linux-x86_64 1.4 1.95 21.93 23.88 NOTE
r-release-windows-ix86+x86_64 1.4 8.00 50.00 58.00 NOTE
r-release-osx-x86_64 1.4 NOTE
r-oldrel-windows-ix86+x86_64 1.4 5.00 52.00 57.00 NOTE
r-oldrel-osx-x86_64 1.4 NOTE

Check Details

Version: 1.4
Check: R code for possible problems
Result: NOTE
    missForest: no visible global function definition for 'predict'
    missForest: no visible global function definition for 'idiv'
    missForest: no visible global function definition for 'var'
    nrmse: no visible global function definition for 'var'
    Undefined global functions or variables:
     idiv predict var
    Consider adding
     importFrom("stats", "predict", "var")
    to your NAMESPACE file.
Flavors: r-devel-linux-x86_64-debian-clang, r-devel-linux-x86_64-debian-gcc, r-devel-linux-x86_64-fedora-clang, r-devel-linux-x86_64-fedora-gcc, r-devel-windows-ix86+x86_64, r-patched-linux-x86_64, r-patched-solaris-x86, r-release-linux-x86_64, r-release-windows-ix86+x86_64, r-release-osx-x86_64, r-oldrel-windows-ix86+x86_64, r-oldrel-osx-x86_64