CRAN Package Check Results for Package mixAR

Last updated on 2022-01-27 05:55:58 CET.

Flavor Version Tinstall Tcheck Ttotal Status Flags
r-devel-linux-x86_64-debian-clang 0.22.6 35.55 394.45 430.00 OK
r-devel-linux-x86_64-debian-gcc 0.22.6 29.96 278.82 308.78 OK
r-devel-linux-x86_64-fedora-clang 0.22.6 516.44 OK
r-devel-linux-x86_64-fedora-gcc 0.22.6 486.57 OK
r-devel-windows-x86_64-new-UL 0.22.6 125.00 394.00 519.00 OK
r-devel-windows-x86_64-new-TK 0.22.6 OK
r-patched-linux-x86_64 0.22.6 31.99 360.78 392.77 OK
r-release-linux-x86_64 0.22.5 28.81 316.70 345.51 OK
r-release-macos-arm64 0.22.5 OK
r-release-macos-x86_64 0.22.6 OK
r-release-windows-ix86+x86_64 0.22.6 70.00 431.00 501.00 OK
r-oldrel-macos-x86_64 0.22.6 WARN
r-oldrel-windows-ix86+x86_64 0.22.6 66.00 434.00 500.00 OK

Check Details

Version: 0.22.6
Check: Rd files
Result: WARN
    prepare_Rd: undefined subclass "numericVector" of class "Mnumeric"; definition not updated
Flavor: r-oldrel-macos-x86_64