CRAN Package Check Results for Package mixKernel

Last updated on 2019-08-25 05:46:52 CEST.

Flavor Version Tinstall Tcheck Ttotal Status Flags
r-devel-linux-x86_64-debian-clang 0.3 22.25 191.10 213.35 OK
r-devel-linux-x86_64-debian-gcc 0.3 20.25 147.08 167.33 OK
r-devel-linux-x86_64-fedora-clang 0.3 256.97 OK
r-devel-linux-x86_64-fedora-gcc 0.3 257.20 OK
r-devel-windows-ix86+x86_64 0.3 49.00 246.00 295.00 OK
r-patched-linux-x86_64 0.3 21.53 183.59 205.12 OK
r-patched-solaris-x86 0.3 360.40 OK
r-release-linux-x86_64 0.3 20.07 182.51 202.58 OK
r-release-windows-ix86+x86_64 0.3 70.00 258.00 328.00 OK
r-release-osx-x86_64 0.3 ERROR
r-oldrel-windows-ix86+x86_64 0.3 36.00 246.00 282.00 OK
r-oldrel-osx-x86_64 0.3 OK

Check Details

Version: 0.3
Check: package dependencies
Result: ERROR
    Packages required but not available: 'mixOmics', 'phyloseq'
    
    See section ‘The DESCRIPTION file’ in the ‘Writing R Extensions’
    manual.
Flavor: r-release-osx-x86_64